Spring weather

 Latitude N 54° 47' 06"    Longitude W 01° 35' 42"    Elevation 102 m

NOAA Style Reports for Spring Weather

Select a Year or Month report

Report for 2018 Nov
                   Monthly Climatological Summary for Nov 2018

Name: Spring weather   City: Duham   State: Co Durham
Elevation: 102 m  Lat: N 54 47 06   Lon: W 001 35 42

                  Temperature (C), Rain (mm), Wind Speed (mph)

                                      Heat  Cool        Avg
    Mean                              Deg   Deg         Wind                 Dom
Day Temp  High   Time   Low    Time   Days  Days  Rain  Speed High   Time    Dir
----------------------------------------------------------------------------------
01   5.9   9.2   14:35   2.6   22:38  12.4   0.0   2.8   1.0  13.0   14:40   WSW
02   6.3  10.5   14:42   2.8   00:00  12.0   0.0   0.2   1.3  14.0   01:55     W
03  10.4  13.8   12:19   6.3   03:06   7.9   0.0   1.2   4.0  25.0   15:26   SSW
04  10.9  13.3   13:29   9.4   06:28   7.4   0.0   0.0   1.7  18.0   01:40   SSW
05   9.6  11.3   13:35   8.6   03:48   8.7   0.0   0.0   0.3   9.0   03:09     S
06  10.9  12.8   21:05   9.2   00:02   7.4   0.0   0.0   1.8  17.0   22:31     S
07  10.9  13.2   13:17   6.6   22:47   7.4   0.0   1.6   2.3  19.0   07:42   SSE
08   8.0  10.3   13:07   5.6   05:49  10.3   0.0   0.2   1.5  16.0   18:14     S
09   8.7  10.6   19:42   7.2   07:18   9.6   0.0   4.2   3.0  20.0   15:04   SSE
10   9.2  11.1   13:13   6.9   23:51   9.1   0.0   0.2   1.6  23.0   00:46   SSW
11   7.3  10.0   15:18   5.9   23:56  11.0   0.0   0.0   1.4  13.0   07:48   SSW
12   7.9  12.1   13:48   5.2   04:33  10.4   0.0   0.2   1.4  14.0   22:08   SSW
13   9.2  12.1   12:32   6.8   04:31   9.1   0.0   0.2   3.6  22.0   12:59   WSW
14  10.8  13.3   13:16   8.1   23:47   7.5   0.0   0.6   2.8  22.0   13:30   SSW
15   7.9  11.7   14:42   4.3   07:58  10.4   0.0   0.2   1.6  14.0   11:37   SSW
16   9.5  11.3   12:15   6.8   02:59   8.8   0.0   0.2   0.4   8.0   22:42     S
17   7.7  10.5   13:43   3.9   23:58  10.6   0.0   0.0   0.2   9.0   13:25   ESE
18   6.6   9.8   13:11   1.4   02:21  11.7   0.0   0.2   0.2   8.0   11:40   ESE
19   7.0   8.6   12:44   5.3   01:03  11.3   0.0   2.6   1.2  15.0   22:12     E
20   6.1   7.2   11:11   5.2   19:47  12.2   0.0   7.0   2.3  18.0   16:06   ENE
21   3.5   5.6   00:11  -1.1   23:59  14.8   0.0   9.8   1.4  17.0   03:11   ESE
22   3.6   5.5   19:35  -1.3   00:16  12.6   0.0   2.6   0.1   4.0   05:04   SSE
23   5.4   6.8   12:42   4.9   17:00  12.9   0.0   0.6   0.0   3.0   12:36     N
24   5.9   7.8   12:21   4.9   22:36  12.4   0.0   4.8   0.0   6.0   12:48    SE
25   5.0   6.7   14:23   3.8   05:52  13.3   0.0   1.2   0.2  10.0   11:32     E
26   3.9   5.8   14:25   2.4   21:15  14.4   0.0   2.6   0.0   6.0   07:02     E
27   3.8   6.3   23:21  -0.7   07:27  14.5   0.0   6.4   1.2  14.0   12:23   SSE
28   9.4  12.9   16:38   5.9   02:25   8.9   0.0   0.0   4.5  35.0   18:35   SSW
29   9.3  12.4   11:58   7.8   21:42   9.0   0.0   0.2   4.7  28.0   12:39   SSW
30   6.7   8.7   12:02   3.7   23:30  11.6   0.0   0.8   4.6  22.0   12:11   WSW
----------------------------------------------------------------------------------
     7.6  13.8     3    -1.3    22   319.6   0.0  50.6   1.7  35.0    28     SSW

Max >=  27.0  0
Max <=   0.0  0
Min <=   0.0  3
Min <= -18.0  0
Max Rain: 9.8 on day 21
Days of Rain: 24 (>= 0.2 mm)  9 (>= 2.0 mm)  0 (>= 20.0 mm)
Heat Base: 18.3  Cool Base: 18.3  Method: Integration
:now::gauges::today::yesterday::this month::this year::records::monthly records::top 10::trends::NOAA records::garden::forum:


Page updated 21/03/2019 01:50:01
powered by Cumulus v3.0.0 (3048)