Spring weather

 Latitude N 54° 47' 06"    Longitude W 01° 35' 42"    Elevation 102 m

NOAA Style Reports for Spring Weather

Select a Year or Month report

Report for 2018 Dec
                   Monthly Climatological Summary for Dec 2018

Name: Spring weather   City: Duham   State: Co Durham
Elevation: 102 m  Lat: N 54 47 06   Lon: W 001 35 42

                  Temperature (C), Rain (mm), Wind Speed (mph)

                                      Heat  Cool        Avg
    Mean                              Deg   Deg         Wind                 Dom
Day Temp  High   Time   Low    Time   Days  Days  Rain  Speed High   Time    Dir
----------------------------------------------------------------------------------
01   5.6   7.6   23:23   3.7   05:14  12.7   0.0   7.2   0.4  10.0   00:09    SW
02   9.0  11.2   20:20   6.3   07:01   9.3   0.0   1.4   1.7  20.0   16:31    SW
03   5.6  10.7   00:21  -0.2   23:56  12.7   0.0   0.2   2.3  20.0   03:43     W
04   0.8   4.5   12:33  -2.3   08:15  17.5   0.0   0.2   0.2   6.0   11:02   WNW
05   2.8   5.5   15:28  -1.5   00:11  15.5   0.0   6.0   0.0   4.0   04:46   WNW
06   8.7  12.5   15:09   3.8   00:00   9.6   0.0   0.2   1.7  22.0   12:03   WSW
07   7.9  11.5   06:30   4.6   16:56  10.4   0.0   3.6   4.7  27.0   06:53   WSW
08   8.2   9.5   11:38   6.0   17:26  10.1   0.0   1.6   6.6  35.0   10:20     W
09   4.9   6.9   12:58   1.7   23:49  13.4   0.0   0.0   2.5  16.0   10:31     W
10   2.7   6.3   12:31  -0.4   23:51  15.6   0.0   0.2   0.6   8.0   07:09     W
11   3.2   5.7   13:46  -0.6   00:08  15.1   0.0   0.0   1.0  16.0   23:09    SW
12   4.3   6.2   13:15   2.4   23:18  14.0   0.0   0.0   1.1  12.0   18:11   SSE
13   4.5   5.7   13:46   2.9   00:00  13.8   0.0   0.0   1.1  13.0   03:30   SSE
14   2.1   4.4   00:00  -0.1   22:16  16.2   0.0   0.0   0.5  10.0   23:44   SSE
15   1.2   3.9   23:59  -0.3   01:02  17.1   0.0   5.2   2.8  23.0   22:59   SSE
16   4.9   6.6   11:36   3.4   08:24  13.4   0.0   5.6   2.7  28.0   01:31    SW
17   4.4   6.6   23:46   2.2   08:57  13.9   0.0   1.2   0.7  17.0   23:52   SSW
18   7.7   9.1   06:30   5.5   23:57  10.6   0.0   0.2   3.6  23.0   12:13     S
19   4.6   6.6   14:14   3.3   06:10  13.7   0.0   0.0   1.2  12.0   22:18   SSW
20   5.1   7.4   14:42   3.4   22:49  13.2   0.0   0.0   1.1  11.0   00:59   SSW
21   5.7   7.1   14:27   4.3   00:17  12.6   0.0   0.0   0.5   9.0   04:46   WSW
22   6.4   8.7   11:26   4.2   04:47  11.9   0.0   0.0   1.6  14.0   14:24   WSW
23   5.4   6.4   13:30   3.1   21:36  12.9   0.0   0.0   0.2   7.0   00:51   WSW
24   3.7   7.5   12:45  -1.6   22:20  14.6   0.0   0.0   0.6   8.0   12:26   WSW
25   3.4   8.9   21:18  -3.1   04:02  14.9   0.0   0.0   0.4   8.0   17:31    SW
26   8.3  11.9   13:42   4.1   22:17  10.0   0.0   0.0   0.9  13.0   03:16    SW
27   4.6   9.2   14:12   1.6   08:44  13.7   0.0   0.0   0.0   4.0   02:20    SW
28   6.9  11.7   13:58   1.7   21:53  11.4   0.0   0.0   0.6  18.0   12:37   WSW
29   9.0  12.4   08:57   4.3   00:00   9.3   0.0   0.0   5.5  36.0   10:16     W
30   9.0  12.1   11:06   4.4   00:00   9.3   0.0   0.2   1.2  14.0   12:34     W
31   9.9  11.2   11:15   8.1   00:25   8.4   0.0   0.0   4.0  23.0   12:58   WSW
----------------------------------------------------------------------------------
     5.5  12.5     6    -3.1    25   396.8   0.0  33.0   1.7  36.0    29     WSW

Max >=  27.0  0
Max <=   0.0  0
Min <=   0.0  9
Min <= -18.0  0
Max Rain: 7.2 on day 1
Days of Rain: 14 (>= 0.2 mm)  5 (>= 2.0 mm)  0 (>= 20.0 mm)
Heat Base: 18.3  Cool Base: 18.3  Method: Integration
:now::gauges::today::yesterday::this month::this year::records::monthly records::top 10::trends::NOAA records::garden::forum:


Page updated 21/02/2019 07:30:03
powered by Cumulus v3.0.0 (3042)