Spring weather

 Latitude N 54° 47' 06"    Longitude W 01° 35' 42"    Elevation 102 m

NOAA Style Reports for Spring Weather

Select a Year or Month report

Report for 2019 Feb
                   Monthly Climatological Summary for Feb 2019

Name: Spring weather   City: Duham   State: Co Durham
Elevation: 102 m  Lat: N 54 47 06   Lon: W 001 35 42

                  Temperature (C), Rain (mm), Wind Speed (mph)

                                      Heat  Cool        Avg
    Mean                              Deg   Deg         Wind                 Dom
Day Temp  High   Time   Low    Time   Days  Days  Rain  Speed High   Time    Dir
----------------------------------------------------------------------------------
01   0.3   1.8   12:02  -2.4   00:00  18.0   0.0   2.0   0.3   9.0   09:07    NW
02  -0.5   2.8   14:20  -3.7   23:59  18.8   0.0   4.2   1.3  13.0   14:42   WNW
03  -0.9   4.4   23:14  -8.7   04:41  19.2   0.0   3.2   1.3  17.0   23:28    SW
04   5.4   8.2   14:32   0.9   23:58  12.9   0.0   0.4   4.2  27.0   10:41   WSW
05   1.9   7.1   23:06  -2.7   07:45  16.4   0.0   0.6   1.7  19.0   17:40   SSW
06   5.5   8.9   13:29   2.8   05:10  12.8   0.0   0.2   1.5  17.0   16:40   WSW
07   4.9   7.4   15:16   2.6   07:29  13.4   0.0   5.4   2.8  24.0   14:55     W
08   7.0  10.4   13:43   3.9   01:58  11.3   0.0   3.4   7.1  41.0   16:04    SW
09   6.3   9.3   13:52   3.4   03:27  12.0   0.0   7.0   8.0  35.0   03:13   WSW
10   3.4   7.1   14:36  -0.1   08:37  14.9   0.0   0.0   1.4  17.0   15:32     W
11   4.3   8.6   15:29   1.6   21:51  14.0   0.0   0.4   0.9   9.0   04:59   WNW
12   7.4  10.8   15:56   1.7   00:00  10.8   0.0   0.0   3.8  25.0   11:46    SW
13   8.9   9.9   12:45   7.9   20:51   9.4   0.0   0.0   4.1  22.0   16:38    SW
14   8.3  11.8   15:02   4.4   23:31  10.0   0.0   0.0   2.5  16.0   04:59    SW
15   6.7  13.7   15:30   1.1   07:30  11.6   0.0   0.0   1.8  13.0   10:00   SSW
16  10.0  12.1   15:00   8.2   19:00   8.3   0.0   0.0   3.8  28.0   03:00   WSW
17   8.8  12.2   15:30   5.9   22:00   9.5   0.0   0.0   1.9  24.0   17:00    SW
18   7.7   9.8   14:00   6.6   07:30  10.4   0.0   0.0   3.9  28.0   13:30    SW
19   7.5   9.3   12:19   5.7   03:44  10.8   0.0   1.2   3.5  17.0   13:22   WSW
20   9.7  12.3   12:16   6.6   00:00   8.5   0.0   1.0   4.1  29.0   13:22    SW
21  11.5  14.9   15:42   7.3   23:58   6.8   0.0   0.0   3.7  22.0   09:15   WSW
22   9.9  15.4   14:20   6.1   01:33   8.4   0.0   0.0   1.6  13.0   21:35   SSW
23   9.6  13.2   14:35   5.6   08:00   8.7   0.0   0.0   2.0  17.0   10:15   SSW
24   8.2  15.2   14:59   1.7   06:22  10.1   0.0   0.0   0.5   8.0   13:51   SSW
25   8.7  16.2   15:18   3.1   08:02   9.6   0.0   0.2   1.2  11.0   11:55   SSW
26   8.6  17.7   15:08   0.4   07:44   9.7   0.0   0.0   0.4   7.0   12:57   SSW
27   7.9  16.9   14:31   0.4   07:11  10.4   0.0   0.0   0.6   9.0   20:53    SW
28   5.0   6.3   11:41   2.8   06:31  13.3   0.0   0.2   0.1   5.0   07:45     W
----------------------------------------------------------------------------------
     6.5  17.7    26    -8.7     3   330.0   0.0  29.4   2.5  41.0     8      SW

Max >=  27.0  0
Max <=   0.0  0
Min <=   0.0  5
Min <= -18.0  0
Max Rain: 7.0 on day 9
Days of Rain: 14 (>= 0.2 mm)  6 (>= 2.0 mm)  0 (>= 20.0 mm)
Heat Base: 18.3  Cool Base: 18.3  Method: Integration
:now::gauges::today::yesterday::this month::this year::records::monthly records::top 10::trends::NOAA records::garden::forum:


Page updated 24/05/2019 02:15:01
powered by Cumulus v3.0.0 (3048)