Spring weather

 Latitude N 54° 47' 06"    Longitude W 01° 35' 42"    Elevation 102 m

NOAA Style Reports for Spring Weather

Select a Year or Month report

Report for 2019 Mar
                   Monthly Climatological Summary for Mar 2019

Name: Spring weather   City: Duham   State: Co Durham
Elevation: 102 m  Lat: N 54 47 06   Lon: W 001 35 42

                  Temperature (C), Rain (mm), Wind Speed (mph)

                                      Heat  Cool        Avg
    Mean                              Deg   Deg         Wind                 Dom
Day Temp  High   Time   Low    Time   Days  Days  Rain  Speed High   Time    Dir
----------------------------------------------------------------------------------
01   6.7   9.3   14:30   4.9   07:22  11.7   0.0   0.2   0.6  10.0   15:00    SW
02   8.6  12.2   12:01   6.1   01:30   9.6   0.0   1.2   3.9  25.0   16:35    SW
03   6.9  10.6   12:16   2.8   23:59  11.4   0.0   8.8   4.5  29.0   00:45   WSW
04   5.6   9.8   14:59   1.6   00:38  12.7   0.0   1.6   6.0  24.0   13:46     W
05   5.8   9.9   12:22   2.5   05:32  12.4   0.0   0.0   2.9  22.0   15:00    SW
06   7.9  11.3   14:18   4.8   23:58  10.4   0.0  13.6   1.5  16.0   11:17   SSW
07   5.6   8.1   11:50   3.6   23:54  12.7   0.0   1.4   2.5  22.0   17:34     W
08   4.2   7.2   13:18  -0.7   06:24  14.1   0.0   1.2   3.4  25.0   23:41   WSW
09   4.8   8.2   13:53   2.3   08:20  13.5   0.0   3.8   5.5  34.0   01:02     W
10   3.0   6.3   14:39   1.1   06:29  15.3   0.0   2.0   3.6  29.0   17:42     W
11   5.4   8.6   13:43   2.5   01:58  12.9   0.0   0.0   7.1  34.0   23:41     W
12   6.2   8.8   15:00   4.9   20:45  12.1   0.0   3.0   7.0  31.0   19:37   WSW
13   8.0  11.4   13:24   5.3   02:18  10.3   0.0   1.8   9.4  34.0   02:19     W
14   8.4  10.8   12:56   6.4   00:00   9.9   0.0   0.0   7.5  30.0   10:26     W
15   7.2  11.0   05:25   4.2   23:08  11.1   0.0   0.0   7.1  35.0   06:25     W
16   5.7  11.5   14:18   0.8   06:31  12.8   0.0  12.6   5.0  32.0   12:30   WSW
17   5.3   8.9   13:42   2.6   23:57  12.9   0.0   0.2   5.7  27.0   11:51     W
18   6.2  10.2   13:28   0.9   03:14  11.9   0.0   0.0   1.0  10.0   12:03     W
19   8.9  11.9   14:10   5.8   06:30   9.3   0.0   0.0   2.1  20.0   13:36    SW
20  11.3  13.8   15:35   9.3   23:34   7.0   0.0   0.0   3.2  18.0   20:55    SW
21  11.9  17.1   13:57   7.3   23:25   6.4   0.0   0.0   2.2  13.0   02:28   WSW
22   9.9  12.1   10:02   6.6   23:57   8.4   0.0   0.2   4.2  29.0   13:13    SW
23   7.0  10.3   15:05   4.0   06:30  11.3   0.0   0.0   2.6  14.0   00:37     W
24   6.9  10.8   15:14   2.9   05:22  11.4   0.0   0.0   4.7  26.0   15:52     W
25   6.8  11.9   13:28   3.0   23:05  11.5   0.0   0.0   2.2  15.0   00:13     W
26   8.0  10.7   13:33   4.3   00:00  10.3   0.0   0.0   2.9  15.0   10:27     W
27   9.4  12.8   12:06   5.3   23:56   8.9   0.0   0.0   2.8  16.0   13:08     W
28   8.3  14.3   13:35   2.4   06:06  10.0   0.0   0.0   2.1  19.0   14:30    SW
29   9.3  16.2   15:14   3.7   23:59   9.0   0.0   0.0   2.2  15.0   11:15    SW
30   6.1  13.4   14:13   0.2   05:51  12.2   0.0   0.0   0.9  13.0   12:44   WNW
31   4.7   9.4   14:19   0.2   23:58  13.6   0.0   0.0   0.4   9.0   15:08   ESE
----------------------------------------------------------------------------------
     7.1  17.1    21    -0.7     8   347.0   0.0  51.6   3.8  35.0    15     WSW

Max >=  27.0  0
Max <=   0.0  0
Min <=   0.0  1
Min <= -18.0  0
Max Rain: 13.6 on day 6
Days of Rain: 14 (>= 0.2 mm)  6 (>= 2.0 mm)  0 (>= 20.0 mm)
Heat Base: 18.3  Cool Base: 18.3  Method: Integration
:now::gauges::today::yesterday::this month::this year::records::monthly records::top 10::trends::NOAA records::garden::forum:


Page updated 16/07/2019 09:05:01
powered by Cumulus v3.0.0 (3048)