Spring weather

 Latitude N 54° 47' 06"    Longitude W 01° 35' 42"    Elevation 102 m

NOAA Style Reports for Spring Weather


Report for 2019 May
                   Monthly Climatological Summary for May 2019

Name: Spring weather   City: Duham   State: Co Durham
Elevation: 102 m  Lat: N 54° 47' 06"   Lon: W 001° 35' 42"

                  Temperature (°C), Rain (mm), Wind Speed (mph)

                                      Heat  Cool        Avg
    Mean                              Deg   Deg         Wind                 Dom
Day Temp  High   Time   Low    Time   Days  Days  Rain  Speed High   Time    Dir
----------------------------------------------------------------------------------
01  11.7  14.7   10:45   8.4   04:36   6.3   0.0   0.0   0.4   7.0   11:39    NW
02   9.6  14.1   11:49   6.8   05:52   8.7   0.0   0.0   1.1  16.0   11:04     W
03   6.6   9.5   13:17   3.4   22:38  11.7   0.0   0.0   0.5  11.0   13:25   WNW
04   5.8  10.3   15:32   2.2   06:20  12.5   0.0   0.0   1.7  14.0   09:19    NW
05   7.2  11.8   15:21   3.3   00:23  11.1   0.0   0.0   1.2  13.0   15:27   WNW
06   6.4   8.2   17:25   4.9   00:09  11.7   0.0   1.6   0.4   9.0   00:43   WNW
07   5.6   8.2   16:31   3.2   04:56  12.7   0.0   2.2   0.5   9.0   16:53   ESE
08   6.7   7.8   12:39   5.7   00:15  11.6   0.0   9.0   1.7  16.0   13:51   ESE
09   6.7   9.3   16:19   3.2   23:58  11.6   0.0   4.0   0.9   8.0   00:50   NNE
10   6.8  13.0   13:55  -0.3   04:44  11.5   0.0   0.0   0.6  11.0   13:57    SE
11   7.9  13.8   13:22   1.5   05:34  10.4   0.0   0.4   0.5  10.0   13:05     S
12   9.7  17.2   13:39   0.8   05:34   8.6   0.0   0.0   0.6  10.0   14:48   SSE
13  13.4  21.5   15:33   3.6   05:01   5.5   0.6   0.0   0.7   9.0   10:17   SSW
14  15.1  23.3   16:01   5.9   05:43   4.3   1.2   0.0   0.5  10.0   17:02    SE
15  15.0  22.8   15:14   6.7   05:07   4.3   1.0   0.0   0.6  11.0   13:07     S
16  11.3  16.1   11:24   4.3   05:51   7.0   0.0   0.0   1.1  14.0   14:37   ESE
17  12.1  17.7   13:43   9.3   02:31   6.2   0.0   0.4   0.3  10.0   17:09    SE
18  10.7  13.4   17:56   9.3   00:11   7.6   0.0   1.2   0.0   4.0   00:20   SSW
19  12.4  16.4   15:08   7.3   06:29   5.9   0.0   0.0   0.2   6.0   08:55    SW
20  13.2  18.0   12:13   7.8   23:56   5.1   0.0   0.2   0.4   8.0   09:03     W
21  11.5  17.4   14:09   5.4   05:16   6.8   0.0   0.0   0.6  10.0   09:36     W
22  12.6  18.9   16:01   6.5   05:36   5.8   0.0   0.0   2.4  15.0   12:32     W
23  13.8  20.1   15:31   6.3   05:01   4.7   0.2   0.0   3.3  18.0   16:43     W
24  13.7  20.8   15:41   8.9   04:52   4.7   0.1   0.0   1.7  16.0   02:41     W
25  12.9  18.6   13:39   7.6   04:47   5.4   0.0   0.6   1.4  11.0   17:18   WSW
26  14.6  18.6   12:21  11.1   23:44   3.7   0.0   1.4   3.2  23.0   11:04     W
27  10.8  13.4   14:08   7.8   23:23   7.5   0.0   6.8   1.9  20.0   07:22     W
28   8.8  12.8   11:00   6.7   22:40   9.5   0.0   2.2   0.1   9.0   11:49     S
29  10.6  15.1   13:58   4.9   05:52   7.7   0.0   0.8   1.3  13.0   15:10   SSW
30  15.6  19.2   16:04  11.3   00:00   2.7   0.0   0.6   4.3  22.0   15:24    SW
31  14.6  16.3   15:19  13.4   23:17   3.7   0.0   1.8   3.8  27.0   16:16    SW
----------------------------------------------------------------------------------
    10.8  23.3    14    -0.3    10   236.5   3.1  33.2   1.2  27.0    31     WSW

Max >=  27.0  0
Max <=   0.0  0
Min <=   0.0  1
Min <= -18.0  0
Max Rain: 9.0 on day 8
Days of Rain: 15 (>= 0.2 mm)  5 (>= 2.0 mm)  0 (>= 20.0 mm)
Heat Base: 18.3  Cool Base: 18.3  Method: Integration


Page updated 27/11/2020 19:45:01
powered by Cumulus v3.9.1 (3096)
Valid HTML Valid CSS