Spring weather

 Latitude N 54° 47' 06"    Longitude W 01° 35' 42"    Elevation 102 m

NOAA Style Reports for Spring Weather


Report for 2019 Jun
                   Monthly Climatological Summary for Jun 2019

Name: Spring weather   City: Duham   State: Co Durham
Elevation: 102 m  Lat: N 54° 47' 06"   Lon: W 001° 35' 42"

                  Temperature (°C), Rain (mm), Wind Speed (mph)

                                      Heat  Cool        Avg
    Mean                              Deg   Deg         Wind                 Dom
Day Temp  High   Time   Low    Time   Days  Days  Rain  Speed High   Time    Dir
----------------------------------------------------------------------------------
01  14.4  17.7   18:22  10.3   04:42   3.9   0.0   0.4   1.5  15.0   00:03   WSW
02  16.2  21.8   12:08  13.1   23:58   2.6   0.5   0.2   2.5  22.0   18:33    SW
03  13.7  16.6   17:31  10.7   23:49   4.6   0.0   0.0   5.3  29.0   00:54    SW
04  12.1  17.6   13:24   8.6   04:28   6.2   0.0  15.0   0.8  12.0   12:58     S
05  12.7  15.8   12:03   9.7   00:00   5.6   0.0   0.2   1.3  15.0   09:46    SW
06  13.3  18.8   15:34   7.3   04:54   5.1   0.0   0.0   1.6  15.0   16:56    SW
07  11.8  18.7   11:42   4.8   04:50   6.5   0.0   9.4   0.7  12.0   12:59    SE
08  10.8  12.1   14:45   9.8   10:47   7.5   0.0  23.4   0.8  15.0   12:48   WNW
09  13.5  17.8   16:35   8.8   23:59   4.8   0.0   0.0   2.5  16.0   17:31   WSW
10  12.5  18.6   14:39   4.7   05:13   5.8   0.0   0.0   0.4   9.0   14:19   SSE
11  10.8  12.1   13:06   9.4   03:49   7.5   0.0   0.0   1.0  11.0   08:29   WNW
12  10.5  11.9   15:30   8.9   02:06   7.8   0.0  21.2   1.1  13.0   11:34    NW
13   9.5  10.8   18:49   8.7   11:24   8.7   0.0  21.0   0.8  14.0   00:43   WNW
14  11.7  15.9   16:54   8.5   04:25   6.6   0.0   4.0   0.6  11.0   15:11    SW
15  13.2  18.1   15:17  10.6   23:54   5.1   0.0   1.6   0.8  12.0   16:39     S
16  12.9  19.4   15:48   7.0   06:03   5.4   0.0   2.0   1.4  14.0   10:27    SW
17  14.9  18.7   15:53  11.4   06:28   3.4   0.0   0.2   3.9  30.0   18:08    SW
18  15.6  20.0   13:47  10.5   03:38   2.9   0.3   0.0   1.9  20.0   09:15    SW
19  13.9  18.9   17:04   9.8   23:57   4.4   0.0   4.2   0.0   6.0   19:32   WSW
20  13.5  18.7   16:25   8.7   01:23   4.8   0.0   0.0   2.3  16.0   11:29     W
21  13.4  19.0   18:28   7.9   05:08   4.9   0.0   0.0   1.4  14.0   11:04   WNW
22  14.4  20.7   15:27   5.4   05:40   4.3   0.4   0.0   0.6  12.0   16:06   SSE
23  14.8  19.1   14:03  11.9   01:45   3.5   0.0   1.6   0.5  11.0   13:57    SE
24  14.8  17.6   13:10  13.2   05:19   3.5   0.0   9.4   0.0   6.0   01:15     S
25  12.6  14.5   00:58  11.2   23:32   5.7   0.0   1.8   0.3   9.0   17:34   WNW
26  12.4  16.8   15:24   8.1   23:58   5.9   0.0   0.4   0.2   8.0   04:16   SSE
27  14.9  23.2   13:47   5.3   04:13   4.8   1.3   0.0   0.4   8.0   14:22    SE
28  16.2  21.2   17:35  11.9   00:00   2.8   0.6   0.0   0.7  10.0   11:59    SE
29  19.5  28.7   15:54  12.3   04:38   2.2   3.4   0.0   1.2  19.0   01:05    SW
30  17.3  20.6   13:12  14.4   23:57   1.3   0.3   0.0   3.8  22.0   17:01   WSW
----------------------------------------------------------------------------------
    13.6  28.7    29     4.7    10   148.1   6.8 116.0   1.3  30.0    17      SW

Max >=  27.0  1
Max <=   0.0  0
Min <=   0.0  0
Min <= -18.0  0
Max Rain: 23.4 on day 8
Days of Rain: 17 (>= 0.2 mm)  9 (>= 2.0 mm)  3 (>= 20.0 mm)
Heat Base: 18.3  Cool Base: 18.3  Method: Integration


Page updated 25/11/2020 20:10:00
powered by Cumulus v3.9.1 (3096)
Valid HTML Valid CSS