Spring weather

 Latitude N 54° 47' 06"    Longitude W 01° 35' 42"    Elevation 102 m

NOAA Style Reports for Spring Weather


Report for 2019 Jul
                   Monthly Climatological Summary for Jul 2019

Name: Spring weather   City: Duham   State: Co Durham
Elevation: 102 m  Lat: N 54° 47' 06"   Lon: W 001° 35' 42"

                  Temperature (°C), Rain (mm), Wind Speed (mph)

                                      Heat  Cool        Avg
    Mean                              Deg   Deg         Wind                 Dom
Day Temp  High   Time   Low    Time   Days  Days  Rain  Speed High   Time    Dir
----------------------------------------------------------------------------------
01  16.0  19.8   16:09  11.8   23:56   2.5   0.2   0.0   4.2  21.0   12:39     W
02  14.6  19.3   14:18   9.8   04:55   3.7   0.0   0.0   1.9  14.0   11:09   WNW
03  15.5  22.7   18:09   8.1   05:16   3.7   0.9   0.0   0.6   8.0   12:30   WNW
04  15.5  21.1   12:43  10.1   05:05   3.1   0.3   0.0   1.5  14.0   17:34   WNW
05  16.7  21.5   13:56  13.1   05:36   2.0   0.4   0.0   2.6  15.0   16:33     W
06  16.0  19.7   15:18  12.2   23:59   2.4   0.1   0.0   1.3  14.0   00:44   WNW
07  13.5  19.1   16:25   8.4   23:58   4.8   0.0   0.0   0.1   8.0   13:39    SE
08  13.6  21.0   15:17   6.8   02:49   4.9   0.2   0.0   0.5  10.0   15:26   SSE
09  15.1  17.7   14:12  12.4   06:24   3.2   0.0   1.0   0.8   9.0   14:26    SW
10  18.0  23.4   16:20  14.1   04:48   1.5   1.2   0.8   1.4  14.0   15:25   WSW
11  18.2  23.9   15:18  14.0   23:59   1.6   1.5   1.2   1.4  14.0   16:17   WSW
12  16.6  22.7   13:52  12.7   04:56   2.2   0.5   5.8   0.7  12.0   07:21   WNW
13  15.6  19.9   12:15  13.4   05:42   2.8   0.1   3.0   0.1   7.0   14:47   NNE
14  15.3  19.4   17:19  11.5   23:57   3.0   0.1   0.4   0.2   8.0   15:05    SE
15  16.6  23.2   14:00   9.8   02:28   2.9   1.2   0.0   0.3   7.0   15:22   SSE
16  17.9  25.3   15:08   9.7   05:37   2.4   2.1   0.0   0.7  12.0   15:29     W
17  16.8  21.9   11:16  13.0   05:16   2.2   0.7   3.4   1.7  16.0   11:09    SW
18  16.7  21.3   17:13  12.9   06:49   2.0   0.4   0.0   2.5  17.0   18:33   WSW
19  15.9  20.3   12:17  12.1   05:05   2.5   0.1   0.2   1.1  16.0   13:25     S
20  17.3  21.4   15:41  13.3   23:51   1.5   0.5   4.2   2.1  20.0   18:12     W
21  16.1  20.9   15:00   9.7   05:12   2.7   0.5   2.2   1.9  17.0   11:01    SW
22  20.0  24.0   14:53  15.5   00:15   0.3   2.0   0.4   5.2  28.0   04:14    SW
23  22.9  29.9   16:30  17.4   06:25   0.1   4.7   0.0   1.9  17.0   01:07    SW
24  21.7  25.8   14:07  17.7   23:59   0.0   3.4   7.2   1.5  14.0   09:52   WSW
25  23.8  33.7   14:22  13.9   05:08   0.9   6.3   0.0   0.7  11.0   12:44   SSE
26  21.1  26.0   10:52  17.2   23:39   0.1   3.0   5.2   0.4  12.0   13:18    SW
27  16.2  17.7   18:21  14.8   06:27   2.1   0.0  27.8   0.6  11.0   12:26    NW
28  17.8  19.6   11:39  15.8   05:53   0.8   0.3   0.2   0.0   5.0   09:23   SSE
29  17.2  20.6   18:53  13.2   23:56   1.2   0.1   1.4   0.3   8.0   14:36     W
30  16.0  20.1   14:20  11.9   05:32   2.4   0.1   0.8   0.4  13.0   17:20   ESE
31  17.5  20.3   17:06  15.9   23:58   1.1   0.3   7.8   0.3   9.0   21:03    SW
----------------------------------------------------------------------------------
    17.2  33.7    25     6.8     8    66.6  31.2  73.0   1.2  28.0    22     WSW

Max >=  27.0  2
Max <=   0.0  0
Min <=   0.0  0
Min <= -18.0  0
Max Rain: 27.8 on day 27
Days of Rain: 18 (>= 0.2 mm)  9 (>= 2.0 mm)  1 (>= 20.0 mm)
Heat Base: 18.3  Cool Base: 18.3  Method: Integration


Page updated 27/11/2020 19:55:01
powered by Cumulus v3.9.1 (3096)
Valid HTML Valid CSS