Spring weather

 Latitude N 54° 47' 06"    Longitude W 01° 35' 42"    Elevation 102 m

NOAA Style Reports for Spring Weather


Report for 2019 Aug
                   Monthly Climatological Summary for Aug 2019

Name: Spring weather   City: Duham   State: Co Durham
Elevation: 102 m  Lat: N 54° 47' 06"   Lon: W 001° 35' 42"

                  Temperature (°C), Rain (mm), Wind Speed (mph)

                                      Heat  Cool        Avg
    Mean                              Deg   Deg         Wind                 Dom
Day Temp  High   Time   Low    Time   Days  Days  Rain  Speed High   Time    Dir
----------------------------------------------------------------------------------
01  17.2  19.7   18:15  15.8   04:05   1.2   0.2   0.4   0.6   9.0   07:40   WNW
02  17.2  21.8   15:07  15.5   04:49   1.4   0.3   1.4   0.1   6.0   00:24     W
03  17.6  23.1   12:23  13.1   05:44   1.7   1.0   0.2   0.2   8.0   14:46    SE
04  19.3  26.1   14:23  14.9   04:12   1.1   2.1   6.6   0.6  11.0   11:54   SSW
05  17.2  21.2   15:58  13.7   23:59   1.7   0.6   0.2   2.6  18.0   11:59    SW
06  15.7  19.8   16:28  11.9   05:06   2.7   0.1   8.4   2.1  17.0   17:45    SW
07  16.5  21.5   15:42  11.6   05:50   2.4   0.5   0.2   2.5  17.0   12:13   WSW
08  16.4  21.6   13:04  11.8   05:12   2.5   0.6   0.0   0.7   9.0   09:06     W
09  17.1  22.3   18:04  14.2   08:36   1.9   0.7  29.6   1.0  15.0   09:07   SSE
10  17.2  19.9   14:15  14.9   22:37   1.4   0.3   8.6   3.4  21.0   17:16    SW
11  14.3  15.6   10:09  11.6   23:50   4.0   0.0  19.2   0.8  16.0   00:53   WSW
12  12.9  17.8   16:32   9.8   05:45   5.4   0.0   2.6   0.9  12.0   13:43   WNW
13  13.6  18.7   14:05   9.2   23:57   4.7   0.0   0.0   1.7  15.0   15:56   WNW
14  12.7  15.4   15:31   9.2   00:01   5.6   0.0   1.8   0.5  10.0   11:04     S
15  15.4  19.1   16:15  11.7   23:43   2.9   0.0   0.6   2.9  25.0   12:39   WNW
16  14.0  16.2   20:59  11.2   02:55   4.3   0.0   2.0   1.7  19.0   13:01   SSW
17  15.9  19.2   17:15  13.3   23:37   2.5   0.1   0.8   3.6  21.0   14:40    SW
18  15.0  19.4   14:06  11.7   06:00   3.4   0.0   0.2   4.0  26.0   14:06    SW
19  14.8  18.7   15:11  10.6   23:57   3.5   0.0   0.0   2.9  20.0   16:58   WSW
20  14.1  19.1   16:56  10.3   00:48   4.2   0.0   1.2   1.9  16.0   16:15     W
21  14.8  20.4   13:42   9.7   01:39   3.7   0.2   0.0   2.4  20.0   12:25    SW
22  16.1  20.4   15:32  13.5   03:34   2.4   0.2   4.0   3.0  19.0   14:19    SW
23  19.2  23.3   17:20  15.7   23:47   0.5   1.5   0.0   3.0  17.0   11:32    SW
24  19.7  27.7   16:50  13.3   06:41   1.6   3.1   0.0   0.6  12.0   11:38     S
25  20.1  29.3   15:27  11.2   06:35   2.3   4.0   0.0   0.4   8.0   13:24   SSE
26  19.7  26.7   12:42  12.7   06:19   1.4   2.8   0.0   0.1   7.0   14:17    SE
27  19.0  25.1   16:17  12.7   05:11   1.6   2.3   0.6   0.3   7.0   12:29    SE
28  15.6  18.4   12:19  10.1   23:43   2.7   0.0   0.8   1.4  19.0   15:46    SW
29  14.4  19.2   14:53   9.6   01:11   3.9   0.0   0.0   3.3  25.0   15:11    SW
30  17.0  19.2   15:44  15.3   07:01   1.3   0.0   0.0   4.2  30.0   11:58    SW
31  15.7  19.0   13:26  10.2   23:56   2.6   0.0   0.0   3.5  24.0   12:20   WSW
----------------------------------------------------------------------------------
    16.3  29.3    25     9.2    13    82.5  20.6  89.4   1.8  30.0    30     WSW

Max >=  27.0  2
Max <=   0.0  0
Min <=   0.0  0
Min <= -18.0  0
Max Rain: 29.6 on day 9
Days of Rain: 20 (>= 0.2 mm)  8 (>= 2.0 mm)  1 (>= 20.0 mm)
Heat Base: 18.3  Cool Base: 18.3  Method: Integration


Page updated 25/11/2020 15:45:00
powered by Cumulus v3.9.1 (3096)
Valid HTML Valid CSS