Spring weather

 Latitude N 54° 47' 06"    Longitude W 01° 35' 42"    Elevation 102 m

NOAA Style Reports for Spring Weather


Report for 2019 Nov
                   Monthly Climatological Summary for Nov 2019

Name: Spring weather   City: Duham   State: Co Durham
Elevation: 102 m  Lat: N 54° 47' 06"   Lon: W 001° 35' 42"

                  Temperature (°C), Rain (mm), Wind Speed (mph)

                                      Heat  Cool        Avg
    Mean                              Deg   Deg         Wind                 Dom
Day Temp  High   Time   Low    Time   Days  Days  Rain  Speed High   Time    Dir
----------------------------------------------------------------------------------
01   8.9  11.8   23:40   6.8   05:19   9.4   0.0   5.2   0.9  13.0   03:10   SSW
02   9.9  11.9   00:44   7.5   23:55   8.4   0.0   5.4   0.6  11.0   09:52   SSW
03   8.6  11.1   14:17   7.2   00:58   9.7   0.0   2.4   1.7  15.0   04:37     W
04   8.8  10.8   13:23   6.9   05:02   9.5   0.0   9.4   0.3  13.0   19:50    NE
05   7.6   9.8   02:09   3.9   23:48  10.7   0.0   7.4   1.3  13.0   00:00   NNW
06   4.8   7.1   12:58   2.1   07:19  13.5   0.0   1.2   0.2   6.0   01:15     W
07   6.9   8.7   12:55   4.9   00:00  11.4   0.0   3.0   1.1  13.0   13:46     E
08   4.8   7.1   00:06   1.4   23:30  13.5   0.0   6.4   0.9  13.0   08:36    NW
09   2.2   6.0   13:57  -1.2   06:49  16.1   0.0   0.2   0.1   6.0   12:50   SSE
10   5.0   9.1   12:24   2.6   07:35  13.3   0.0   3.0   0.3  11.0   23:29    SW
11   5.6   7.7   14:56   4.2   03:07  12.7   0.0   1.0   4.0  23.0   16:21   WSW
12   5.7   8.1   13:34   3.2   07:02  12.6   0.0   1.8   3.5  20.0   00:30     W
13   2.4   6.7   14:04  -0.4   07:47  15.9   0.0   0.0   0.5   9.0   00:45   WNW
14   4.5   6.1   11:16   0.3   00:00  13.8   0.0   5.4   0.8  11.0   10:52   NNW
15   6.8   9.3   12:58   5.5   07:20  11.5   0.0   7.0   0.6   9.0   15:56   NNE
16   7.7   8.2   14:13   7.0   23:53  10.6   0.0   9.4   0.2   7.0   04:32   NNW
17   5.8   7.0   00:00   3.1   23:58  12.5   0.0   1.8   0.1   7.0   14:17    NW
18   3.1   6.7   13:07  -1.3   23:48  15.2   0.0   0.2   1.2  10.0   11:48   WNW
19   0.2   2.9   12:05  -2.8   06:08  18.1   0.0   0.2   0.5  12.0   22:30    SW
20   4.1   7.2   12:23   2.3   00:00  14.2   0.0   0.0   0.7   9.0   01:38     S
21   4.5   6.8   12:48   0.7   06:51  13.8   0.0   0.0   0.6  12.0   13:21   ESE
22   6.6   8.2   12:19   4.8   00:15  11.7   0.0   1.6   0.3   9.0   07:40    SE
23   8.4   8.7   05:19   7.1   00:29   9.9   0.0  10.2   1.0  16.0   10:19     E
24   7.9   8.4   03:38   7.3   17:46  10.4   0.0   0.8   0.1   6.0   21:29   ESE
25   8.6   9.4   23:50   7.8   00:01   9.7   0.0   3.4   0.3   8.0   00:48   SSE
26   9.2   9.7   18:44   7.9   23:48   9.1   0.0   1.4   0.2   7.0   02:40    SE
27   7.9   9.3   22:37   6.4   09:32  10.4   0.0   9.6   0.9  14.0   19:12    NW
28   6.6   9.3   00:57   3.5   22:45  11.7   0.0   6.8   1.6  12.0   08:51     N
29   2.6   5.8   13:18  -0.9   23:42  15.7   0.0   0.0   1.3  10.0   03:37   WNW
30   0.1   4.9   12:34  -3.0   08:13  18.2   0.0   0.4   0.1   4.0   19:13   WNW
----------------------------------------------------------------------------------
     5.9  11.9     2    -3.0    30   373.2   0.0 104.6   0.9  23.0    11     WNW

Max >=  27.0  0
Max <=   0.0  0
Min <=   0.0  6
Min <= -18.0  0
Max Rain: 10.2 on day 23
Days of Rain: 26 (>= 0.2 mm)  15 (>= 2.0 mm)  0 (>= 20.0 mm)
Heat Base: 18.3  Cool Base: 18.3  Method: Integration


Page updated 27/11/2020 20:25:01
powered by Cumulus v3.9.1 (3096)
Valid HTML Valid CSS