Spring weather

 Latitude N 54° 47' 06"    Longitude W 01° 35' 42"    Elevation 102 m

NOAA Style Reports for Spring Weather


Report for 2020 May
                   Monthly Climatological Summary for May 2020

Name: Spring weather   City: Duham   State: Co Durham
Elevation: 102 m  Lat: N 54° 47' 06"   Lon: W 001° 35' 42"

                  Temperature (°C), Rain (mm), Wind Speed (mph)

                                      Heat  Cool        Avg
    Mean                              Deg   Deg         Wind                 Dom
Day Temp  High   Time   Low    Time   Days  Days  Rain  Speed High   Time    Dir
----------------------------------------------------------------------------------
01   9.1  14.6   12:37   5.5   02:47   9.2   0.0   7.4   0.7  11.0   09:56     W
02  10.3  14.0   11:55   7.4   03:09   7.9   0.0   0.2   1.5  12.0   11:06     W
03   9.6  14.1   13:39   6.8   06:04   8.7   0.0   4.0   0.2   8.0   12:50    SE
04   9.4  13.3   12:45   4.9   23:55   8.9   0.0   0.2   0.5  10.0   12:47   ESE
05   7.6  12.9   14:06   2.1   04:21  10.7   0.0   0.2   0.6  11.0   16:22   ESE
06   8.8  18.1   16:28  -0.3   05:23   9.5   0.0   0.0   0.6  11.0   14:06   SSW
07  13.0  21.4   14:27   3.6   06:07   5.8   0.4   0.0   0.7  10.0   10:41    SW
08  14.9  20.7   17:48   8.3   05:47   3.9   0.5   0.0   0.8  11.0   17:57   WNW
09  15.2  21.2   12:33   7.7   05:54   3.6   0.6   0.0   0.3   8.0   12:32    SE
10   7.2  13.7   00:14   4.1   23:34  11.1   0.0   1.6   1.5  12.0   12:47   NNW
11   6.4  10.9   17:39   3.2   03:24  11.9   0.0   0.4   0.9  12.0   07:36   NNW
12   8.1  14.7   16:38   3.7   05:31  10.2   0.0   0.6   1.7  14.0   16:35   WNW
13   5.8   9.3   16:59   1.2   04:52  12.5   0.0   0.0   0.5  12.0   10:46     N
14   9.2  16.0   15:57   1.6   05:49   9.1   0.0   0.0   1.2  13.0   09:07     W
15  11.0  15.5   16:07   6.3   04:52   7.3   0.0   0.0   2.3  14.0   16:14   WNW
16  11.3  15.9   13:21   6.9   05:49   7.0   0.0   0.0   3.5  19.0   10:08   WNW
17  12.7  16.3   14:22   9.4   05:14   5.6   0.0   0.2   2.5  15.0   14:01   WSW
18  13.6  17.6   18:01  11.4   02:42   4.7   0.0   0.4   3.7  21.0   10:18   WSW
19  15.3  19.0   11:48  11.9   05:49   3.0   0.0   0.4   1.9  13.0   11:41   WSW
20  18.4  27.4   17:11  10.1   05:20   2.6   2.7   0.0   0.7  12.0   11:53   SSW
21  15.7  22.4   16:20   8.3   05:22   3.4   0.8   0.0   1.4  18.0   11:25     W
22  14.2  16.9   14:30  10.5   23:20   4.1   0.0   2.4   6.6  43.0   18:29    SW
23  11.9  14.7   18:24   9.8   01:21   6.4   0.0   0.2   6.8  36.0   11:29   WSW
24  13.9  17.5   16:53  10.3   00:32   4.4   0.0   0.0   3.7  24.0   10:15     W
25  14.8  22.4   14:12   6.4   05:35   4.3   0.8   0.0   1.9  17.0   16:44   WSW
26  15.9  21.9   16:55  10.6   23:58   3.0   0.7   0.0   1.1  13.0   13:37   WNW
27  12.8  17.9   11:46   7.6   23:59   5.5   0.0   0.0   0.5   9.0   11:28   SSW
28  15.7  26.0   16:43   5.7   03:05   4.5   1.9   0.0   0.9   9.0   08:15     S
29  18.6  25.8   15:59  10.7   05:29   2.3   2.6   0.0   0.9  10.0   11:40   SSE
30  14.4  19.2   11:38   9.2   05:23   3.9   0.0   0.0   1.1  14.0   12:22    SE
31  15.3  21.4   13:51   9.1   04:47   3.8   0.8   0.0   0.5  13.0   19:15    SE
----------------------------------------------------------------------------------
    12.3  27.4    20    -0.3     6   198.8  11.8  18.2   1.7  43.0    22     WSW

Max >=  27.0  1
Max <=   0.0  0
Min <=   0.0  1
Min <= -18.0  0
Max Rain: 7.4 on day 1
Days of Rain: 13 (>= 0.2 mm)  3 (>= 2.0 mm)  0 (>= 20.0 mm)
Heat Base: 18.3  Cool Base: 18.3  Method: Integration


Page updated 25/11/2020 16:25:00
powered by Cumulus v3.9.1 (3096)
Valid HTML Valid CSS