Spring weather

 Latitude N 54° 47' 06"    Longitude W 01° 35' 42"    Elevation 102 m

NOAA Style Reports for Spring Weather


Report for 2020 Jun
                   Monthly Climatological Summary for Jun 2020

Name: Spring weather   City: Duham   State: Co Durham
Elevation: 102 m  Lat: N 54° 47' 06"   Lon: W 001° 35' 42"

                  Temperature (°C), Rain (mm), Wind Speed (mph)

                                      Heat  Cool        Avg
    Mean                              Deg   Deg         Wind                 Dom
Day Temp  High   Time   Low    Time   Days  Days  Rain  Speed High   Time    Dir
----------------------------------------------------------------------------------
01  14.8  21.5   13:04   6.6   05:01   4.3   0.8   0.0   0.4   9.0   13:15    SE
02  15.5  24.4   14:29   6.9   05:02   4.0   1.2   1.4   0.3   6.0   10:44   SSE
03  10.5  13.4   00:00   8.4   23:55   7.8   0.0   8.8   0.7  11.0   12:48   WNW
04   9.5  13.8   12:06   7.0   04:49   8.8   0.0   4.0   0.4  12.0   12:12   WSW
05   9.2  13.7   18:14   6.2   04:31   9.1   0.0   5.2   3.1  21.0   20:25   WNW
06   9.9  14.0   18:52   6.2   00:26   8.4   0.0   4.2   2.6  23.0   00:40   WNW
07   9.8  11.6   15:43   8.3   00:00   8.5   0.0   4.0   0.5  11.0   07:08   WNW
08   9.6  13.8   15:42   6.3   05:23   8.7   0.0   0.2   0.2   8.0   06:57   WSW
09  11.2  16.4   10:25   3.4   05:20   7.1   0.0   0.0   0.4   8.0   14:29   SSE
10  11.2  13.7   15:53   9.4   05:28   7.1   0.0   5.2   0.5  13.0   19:51   ESE
11  10.9  13.1   11:16   9.9   20:20   7.4   0.0  11.4   0.9  16.0   05:32   SSW
12  11.2  13.3   14:23  10.3   00:00   7.1   0.0  19.0   0.4   9.0   01:28     W
13  13.6  16.3   16:46  11.2   00:00   4.7   0.0   4.2   0.0   8.0   16:32   ESE
14  14.6  20.1   17:43  11.5   06:43   3.9   0.1   0.2   0.0   5.0   09:18   WNW
15  16.2  21.0   17:13  13.8   01:50   2.4   0.3   0.0   0.0   6.0   17:07     S
16  15.2  19.1   16:23  13.1   05:24   3.1   0.0   0.0   0.0   6.0   17:33   SSE
17  14.5  21.3   15:32  12.2   06:07   4.0   0.2   0.0   0.1   7.0   18:38    SE
18  13.0  15.9   13:47  11.4   07:00   5.3   0.0   2.0   0.2   8.0   12:10   SSW
19  14.7  19.1   15:00  12.4   05:18   3.6   0.0   1.8   0.9  20.0   20:21    SW
20  17.1  21.9   16:37  12.2   04:48   2.1   0.9   0.6   1.9  15.0   13:00    SW
21  15.7  19.3   14:27  12.0   23:44   2.7   0.0   1.8   3.5  22.0   13:34    SW
22  16.0  21.8   16:01  10.1   04:32   2.9   0.6   0.0   2.0  19.0   20:57    SW
23  20.7  24.8   00:00  16.6   23:53   0.1   0.6   0.0   1.7  12.0   18:42    SW
24  22.3  29.3   16:12  15.1   04:27   0.7   4.7   0.0   0.6  11.0   10:28     S
25  20.7  27.6   12:27  13.1   05:43   1.2   3.5   0.0   0.7  13.0   14:38   ESE
26  19.7  28.9   16:55  11.2   05:11   1.9   3.3   0.4   0.2   8.0   13:36    SW
27  15.4  19.4   15:57  11.8   23:20   2.9   0.0   6.2   1.3  16.0   13:21   SSW
28  13.0  15.9   12:43  10.4   03:48   5.3   0.0   1.0   6.3  31.0   17:56    SW
29  14.7  18.3   15:28  12.3   00:31   3.6   0.0   0.0   5.9  26.0   01:19   WSW
30  14.6  17.3   14:30  12.7   23:52   3.6   0.0   0.0   2.6  19.0   00:16   WSW
----------------------------------------------------------------------------------
    14.2  29.3    24     3.4     9   142.3  16.2  81.6   1.3  31.0    28     WSW

Max >=  27.0  3
Max <=   0.0  0
Min <=   0.0  0
Min <= -18.0  0
Max Rain: 19.0 on day 12
Days of Rain: 19 (>= 0.2 mm)  11 (>= 2.0 mm)  0 (>= 20.0 mm)
Heat Base: 18.3  Cool Base: 18.3  Method: Integration


Page updated 15/01/2021 21:40:06
powered by Cumulus v3.9.1 (3096)
Valid HTML Valid CSS