Spring weather

 Latitude N 54° 47' 06"    Longitude W 01° 35' 42"    Elevation 102 m

NOAA Style Reports for Spring Weather


Report for 2020 Jul
                   Monthly Climatological Summary for Jul 2020

Name: Spring weather   City: Duham   State: Co Durham
Elevation: 102 m  Lat: N 54° 47' 06"   Lon: W 001° 35' 42"

                  Temperature (°C), Rain (mm), Wind Speed (mph)

                                      Heat  Cool        Avg
    Mean                              Deg   Deg         Wind                 Dom
Day Temp  High   Time   Low    Time   Days  Days  Rain  Speed High   Time    Dir
----------------------------------------------------------------------------------
01  13.1  17.5   11:41  10.9   23:48   5.2   0.0   2.0   0.0   6.0   11:56    SW
02  12.4  16.8   15:15   9.5   04:00   5.9   0.0   1.0   0.3   8.0   21:54   SSE
03  14.2  17.2   15:18  11.5   01:52   4.1   0.0   1.2   3.4  27.0   16:08    SW
04  15.7  17.9   12:29  13.4   05:27   2.6   0.0   6.2   1.1  17.0   23:00    SW
05  15.0  17.7   13:56  11.3   22:31   3.3   0.0   0.6   7.4  33.0   10:02   WSW
06  14.3  19.3   16:36  10.9   01:09   4.0   0.0   0.2   3.8  21.0   18:49     W
07  13.0  15.4   19:04  10.1   01:30   5.3   0.0   0.0   1.2  12.0   00:19   WSW
08  12.7  17.3   13:32   9.2   04:28   5.6   0.0   0.8   0.5  11.0   13:19   SSE
09  13.1  17.2   17:23   9.3   23:46   5.2   0.0   0.6   0.4  10.0   11:41    SE
10  12.4  16.5   18:38   9.3   00:28   5.9   0.0  13.0   0.4  11.0   10:54     W
11  13.6  18.3   16:10   9.5   05:36   4.7   0.0   0.0   2.6  15.0   15:16   WNW
12  14.6  20.7   16:24   6.9   05:22   4.1   0.4   0.0   1.6  12.0   14:13    SW
13  16.0  20.7   16:44  12.7   04:15   2.6   0.3   0.4   2.4  18.0   12:01   WSW
14  14.1  18.8   17:39   9.7   04:59   4.2   0.0   0.0   1.9  15.0   17:05     W
15  14.3  17.4   17:13  11.8   03:41   4.0   0.0   1.4   1.8  14.0   14:26     W
16  17.8  22.9   15:27  13.6   00:00   1.7   1.2   0.0   2.6  14.0   15:10     W
17  16.8  20.1   09:54  14.3   03:49   1.6   0.1   2.6   2.5  18.0   13:27    SW
18  16.9  20.7   17:09  11.4   23:54   1.7   0.2   2.2   1.7  13.0   02:46   WSW
19  13.7  18.3   15:23   9.1   05:18   4.6   0.0   0.0   2.5  14.0   10:44     W
20  13.4  18.1   17:04   8.6   05:05   4.9   0.0   0.0   2.7  17.0   15:53     W
21  14.0  19.1   15:09   9.3   06:21   4.3   0.0   0.0   1.1  13.0   09:00     W
22  14.5  17.0   11:12  11.7   05:03   3.8   0.0   1.4   1.3  15.0   17:04    SW
23  15.9  20.9   18:38  13.8   11:39   2.6   0.2  13.8   1.3  15.0   08:45   WSW
24  16.6  21.3   15:37  12.2   01:25   2.2   0.5   0.0   0.6  12.0   19:06   WSW
25  17.6  21.4   14:01  13.8   23:52   1.4   0.6   1.4   2.3  16.0   09:01   WSW
26  15.6  18.8   17:30  12.7   06:45   2.7   0.0   0.0   3.1  21.0   13:49   WSW
27  14.8  19.3   17:16  12.4   22:25   3.5   0.0   5.8   3.0  25.0   18:35    SW
28  14.0  17.4   16:26  11.2   23:13   4.3   0.0   0.0   5.5  23.0   08:46     W
29  13.8  18.5   15:38   9.8   02:41   4.5   0.0   0.0   2.4  16.0   14:37     W
30  14.7  19.8   18:20  10.1   02:03   3.8   0.2   2.8   0.3  10.0   14:27   SSW
31  21.6  32.6   16:39  12.1   03:58   1.5   4.9   2.2   1.1  16.0   12:35   SSE
----------------------------------------------------------------------------------
    14.8  32.6    31     6.9    12   115.8   8.6  59.6   2.0  33.0     5     WSW

Max >=  27.0  1
Max <=   0.0  0
Min <=   0.0  0
Min <= -18.0  0
Max Rain: 13.8 on day 23
Days of Rain: 19 (>= 0.2 mm)  9 (>= 2.0 mm)  0 (>= 20.0 mm)
Heat Base: 18.3  Cool Base: 18.3  Method: Integration


Page updated 25/11/2020 16:40:00
powered by Cumulus v3.9.1 (3096)
Valid HTML Valid CSS