Spring weather

 Latitude N 54° 47' 06"    Longitude W 01° 35' 42"    Elevation 102 m

NOAA Style Reports for Spring Weather


Report for 2020 Aug
                   Monthly Climatological Summary for Aug 2020

Name: Spring weather   City: Duham   State: Co Durham
Elevation: 102 m  Lat: N 54° 47' 06"   Lon: W 001° 35' 42"

                  Temperature (°C), Rain (mm), Wind Speed (mph)

                                      Heat  Cool        Avg
    Mean                              Deg   Deg         Wind                 Dom
Day Temp  High   Time   Low    Time   Days  Days  Rain  Speed High   Time    Dir
----------------------------------------------------------------------------------
01  17.4  21.9   11:16  12.5   23:59   1.4   0.6   0.0   1.5  13.0   11:58     W
02  15.4  19.7   16:09  12.1   23:58   3.0   0.1   1.0   1.4  13.0   15:14     W
03  14.4  18.8   16:15  10.3   07:03   3.9   0.0   0.4   1.6  16.0   12:34     W
04  13.2  18.2   19:32   8.1   05:09   5.1   0.0   4.2   2.4  30.0   22:45    SW
05  18.8  21.3   12:26  16.7   23:58   0.5   1.0   0.2   3.9  27.0   01:40    SW
06  19.4  23.8   15:32  14.3   06:17   0.9   1.9   0.0   0.5   9.0   14:42     S
07  20.3  27.1   14:11  14.2   05:04   1.0   3.0   0.0   1.0  13.0   14:17    SW
08  16.9  21.2   13:22  12.7   05:39   2.0   0.6   0.0   0.4   8.0   11:42     S
09  16.2  19.7   12:52  14.1   00:01   2.2   0.1   0.0   0.5  11.0   12:41   ESE
10  16.9  21.2   15:53  14.6   23:35   1.9   0.5   4.6   0.1   7.0   12:52     E
11  19.8  26.4   16:30  14.6   00:00   1.1   2.6   0.0   0.2   9.0   03:24   WSW
12  19.6  26.2   15:32  16.3   05:41   0.6   1.9   0.0   0.0   6.0   13:39   WSW
13  15.5  16.4   00:00  14.5   23:59   2.8   0.0   0.0   0.2   8.0   11:26   WSW
14  15.0  16.3   14:09  14.2   07:14   3.3   0.0   0.8   0.0   6.0   01:43     W
15  15.1  17.1   15:28  13.7   05:35   3.2   0.0   0.6   0.0   6.0   12:27   WSW
16  14.5  16.1   15:25  13.4   05:01   3.8   0.0   0.2   0.0   6.0   13:42   WSW
17  16.6  23.1   17:42  13.6   06:21   2.4   0.7  22.0   0.1   7.0   17:43   WSW
18  16.4  18.7   16:01  14.6   01:35   1.9   0.0   1.6   1.1  18.0   17:40    SW
19  17.6  23.0   14:01  13.6   06:33   1.5   0.8   4.6   0.5  12.0   15:11    SE
20  19.0  24.3   16:27  14.0   06:53   0.8   1.5   3.8   1.7  20.0   04:28   SSW
21  16.8  20.6   15:41  14.1   04:46   1.7   0.2   3.4   4.0  33.0   12:25    SW
22  15.9  19.7   14:01  12.8   23:54   2.5   0.1   2.0   3.1  22.0   11:53   WSW
23  14.3  16.7   13:38  12.2   02:19   4.0   0.0  17.8   0.4  10.0   17:44   WNW
24  13.7  19.3   16:27  10.6   23:57   4.6   0.0   4.6   0.7  11.0   10:39   WSW
25  14.1  17.3   14:25  10.2   01:38   4.2   0.0  15.4   1.1  14.0   16:29   SSE
26  13.6  16.2   13:11  11.3   22:02   4.7   0.0   2.2   1.5  16.0   02:16   WNW
27  13.0  17.0   12:08  10.8   01:24   5.3   0.0  12.2   0.3   9.0   17:02    SE
28  12.2  14.0   12:34  10.8   22:55   6.1   0.0  18.8   1.0  14.0   16:47     W
29  10.8  13.2   18:04   8.7   05:29   7.5   0.0   0.2   1.4  16.0   11:52   WNW
30  11.2  15.8   17:39   6.8   23:57   7.1   0.0   0.0   0.5  11.0   08:59   WNW
31  10.7  18.5   14:27   3.4   05:38   7.6   0.0   0.0   0.3  10.0   15:14     S
----------------------------------------------------------------------------------
    15.6  27.1     7     3.4    31    98.6  15.6 120.6   1.0  33.0    21      SW

Max >=  27.0  1
Max <=   0.0  0
Min <=   0.0  0
Min <= -18.0  0
Max Rain: 22.0 on day 17
Days of Rain: 21 (>= 0.2 mm)  13 (>= 2.0 mm)  1 (>= 20.0 mm)
Heat Base: 18.3  Cool Base: 18.3  Method: Integration


Page updated 25/11/2020 16:00:00
powered by Cumulus v3.9.1 (3096)
Valid HTML Valid CSS