Spring weather

 Latitude N 54° 47' 06"    Longitude W 01° 35' 42"    Elevation 102 m

NOAA Style Reports for Spring Weather


Report for 2020 Sep
                   Monthly Climatological Summary for Sep 2020

Name: Spring weather   City: Duham   State: Co Durham
Elevation: 102 m  Lat: N 54° 47' 06"   Lon: W 001° 35' 42"

                  Temperature (°C), Rain (mm), Wind Speed (mph)

                                      Heat  Cool        Avg
    Mean                              Deg   Deg         Wind                 Dom
Day Temp  High   Time   Low    Time   Days  Days  Rain  Speed High   Time    Dir
----------------------------------------------------------------------------------
01  12.8  20.9   15:55   4.2   06:15   5.7   0.3   0.0   0.4  11.0   14:14   SSW
02  13.3  17.8   12:20   9.1   06:08   5.0   0.0   7.6   1.6  17.0   15:51   SSW
03  16.0  19.3   14:14  13.0   23:58   2.3   0.0   0.2   2.9  20.0   16:47   WSW
04  13.4  17.8   15:31   9.8   04:39   4.9   0.0   0.2   3.0  19.0   11:51   WSW
05  12.8  16.3   14:17   9.9   05:15   5.5   0.0   0.0   3.0  18.0   13:10     W
06  12.5  16.2   17:09  10.7   23:54   5.8   0.0   1.2   0.1   7.0   05:12   WNW
07  14.2  17.9   23:55  10.2   02:18   4.1   0.0   2.2   2.1  18.0   15:51    SW
08  18.8  21.4   14:11  17.0   03:32   0.4   0.9   0.0   3.0  19.0   14:45   WSW
09  15.0  18.2   02:30   9.4   23:57   3.3   0.0   0.2   3.6  22.0   13:13     W
10  10.7  15.0   13:41   6.1   07:01   7.6   0.0   0.0   0.7  11.0   13:13   WSW
11  13.3  16.6   11:22  10.4   01:30   5.0   0.0   6.4   3.0  29.0   11:11    SW
12  13.5  17.3   15:17   9.6   05:49   4.8   0.0   0.0   3.1  21.0   16:07   WSW
13  16.8  20.7   13:18  13.3   00:16   1.9   0.4   0.2   4.8  28.0   06:37    SW
14  18.0  25.5   15:55  12.3   06:05   2.0   1.7   0.0   0.6  12.0   02:26    SW
15  18.6  27.6   16:04  11.6   06:20   2.2   2.6   0.4   0.1   6.0   11:40   SSE
16  13.7  17.4   00:00  11.6   23:48   4.6   0.0   0.0   0.2   7.0   05:51   SSW
17  13.1  19.8   15:48   8.1   07:09   5.2   0.1   0.0   0.3   9.0   10:28     S
18  11.3  16.8   14:40   4.9   07:59   7.0   0.0   0.0   0.4  11.0   11:37    SE
19  13.5  17.2   16:04  11.3   06:40   4.8   0.0   0.0   0.3  11.0   10:10    SE
20  13.0  15.2   14:56  11.8   23:29   5.3   0.0   0.8   0.0   5.0   13:12    SE
21  13.8  22.6   16:34   6.1   07:23   5.1   0.6   0.0   0.7   9.0   00:39    SW
22  13.9  19.9   13:21   8.2   04:09   4.5   0.1   0.0   2.4  24.0   13:41    SW
23  10.8  14.6   00:20   8.3   23:09   7.5   0.0  29.0   0.2   8.0   00:07   WSW
24   7.6  10.0   14:36   4.3   06:30  10.7   0.0   3.2   0.2   6.0   00:48     W
25   9.2  14.2   15:40   6.4   01:44   9.1   0.0   2.4   2.4  26.0   13:11   WNW
26   8.8  11.9   14:07   5.7   06:12   9.5   0.0   0.0   2.9  20.0   08:10   WNW
27   9.2  12.7   17:38   4.2   23:59   9.1   0.0   0.0   0.8  14.0   03:20   WNW
28   9.1  18.1   16:10   2.2   06:00   9.2   0.0   1.8   0.2  10.0   16:09   WNW
29  11.2  17.1   16:06   6.4   07:36   7.1   0.0   0.0   0.7   9.0   00:56   WNW
30  10.5  12.5   15:53   7.9   00:00   7.8   0.0   3.8   0.9  15.0   14:30     S
----------------------------------------------------------------------------------
    12.9  27.6    15     2.2    28   167.0   6.7  59.6   1.5  29.0    11     WSW

Max >=  27.0  1
Max <=   0.0  0
Min <=   0.0  0
Min <= -18.0  0
Max Rain: 29.0 on day 23
Days of Rain: 15 (>= 0.2 mm)  7 (>= 2.0 mm)  1 (>= 20.0 mm)
Heat Base: 18.3  Cool Base: 18.3  Method: Integration


Page updated 25/11/2020 17:00:01
powered by Cumulus v3.9.1 (3096)
Valid HTML Valid CSS