Spring weather

 Latitude N 54° 47' 06"    Longitude W 01° 35' 42"    Elevation 102 m

NOAA Style Reports for Spring Weather


Report for 2020 Nov
                   Monthly Climatological Summary for Nov 2020

Name: Spring weather   City: Duham   State: Co Durham
Elevation: 102 m  Lat: N 54° 47' 06"   Lon: W 001° 35' 42"

                  Temperature (°C), Rain (mm), Wind Speed (mph)

                                      Heat  Cool        Avg
    Mean                              Deg   Deg         Wind                 Dom
Day Temp  High   Time   Low    Time   Days  Days  Rain  Speed High   Time    Dir
----------------------------------------------------------------------------------
01  10.7  15.7   23:03   7.9   06:03   7.6   0.0   5.2   5.3  27.0   14:45    SW
02   8.9  15.4   00:00   6.0   23:56   9.4   0.0   4.8   3.8  21.0   13:04   WSW
03   6.0   9.0   13:24   3.8   03:47  12.3   0.0   0.0   2.3  17.0   14:03   WSW
04   7.9  11.8   13:50   5.6   00:39  10.4   0.0   0.0   1.9  14.0   05:53     W
05  10.7  17.2   14:02   6.3   23:45   7.6   0.0   0.0   1.2  13.0   09:33     W
06   5.8   9.6   14:56   2.3   06:09  12.5   0.0   0.0   0.4  10.0   12:29    SW
07   6.9   9.6   13:51   5.8   20:32  11.4   0.0   0.0   0.8   9.0   02:02   SSW
08   9.2  10.6   22:25   7.1   00:00   9.1   0.0   0.4   0.0   6.0   22:11   SSW
09  10.9  11.9   21:13   9.8   06:55   7.4   0.0   3.8   0.6  10.0   14:11   SSW
10  11.6  12.7   11:45   9.2   23:55   6.7   0.0   0.2   0.6  11.0   11:36   SSW
11  10.0  11.6   16:32   8.3   05:27   8.3   0.0   1.0   2.6  21.0   10:35     S
12  10.0  11.3   13:18   8.5   08:28   8.3   0.0   0.0   3.5  18.0   07:05    SW
13   8.6  11.1   13:09   5.7   19:03   9.7   0.0   1.2   3.2  22.0   15:51    SW
14   9.3  12.8   18:50   6.4   01:31   9.0   0.0   0.8   2.6  25.0   20:07   SSW
15   8.8  10.9   10:21   6.2   15:50   9.5   0.0   6.2   3.9  29.0   14:02    SW
16   9.8  11.3   23:21   8.4   08:41   8.5   0.0   0.0   5.6  26.0   04:07   WSW
17  13.5  14.9   12:51  10.7   00:03   4.8   0.0   0.0   6.3  25.0   07:20    SW
18  11.1  14.8   12:56   7.3   22:40   7.2   0.0   1.2   6.5  28.0   00:27    SW
19   4.7   8.1   01:36   0.3   21:22  13.6   0.0   0.4   1.6  16.0   12:52     W
20   6.0  11.9   19:10   0.1   03:49  12.3   0.0   0.4   2.3  24.0   23:34    SW
21  10.2  12.5   10:30   6.9   23:14   8.3   0.0   0.2   5.5  26.0   03:52   WSW
22   6.1   9.0   13:19   3.2   21:41  12.2   0.0   0.0   3.1  21.0   02:09   WSW
23   6.4  11.6   23:47   2.4   01:43  11.9   0.0   0.0   2.9  27.0   18:06    SW
24  10.8  12.2   11:12   9.3   00:00   7.6   0.0   0.0   4.1  24.0   17:43    SW
----------------------------------------------------------------------------------
     8.9  17.2     5     0.1    20   225.6   0.0  25.8   2.9  29.0    15      SW

Max >=  27.0  0
Max <=   0.0  0
Min <=   0.0  0
Min <= -18.0  0
Max Rain: 6.2 on day 15
Days of Rain: 13 (>= 0.2 mm)  4 (>= 2.0 mm)  0 (>= 20.0 mm)
Heat Base: 18.3  Cool Base: 18.3  Method: Integration


Page updated 25/11/2020 17:10:00
powered by Cumulus v3.9.1 (3096)
Valid HTML Valid CSS