weather

 Latitude     Longitude     Elevation 

NOAA Style Reports for  Weather

Select a Year or Month report

Report for 2021 Feb
                   Monthly Climatological Summary for Feb 2021

Name: Spring weather   City: Duham   State: Co Durham
Elevation: 102 m  Lat: N 54° 47' 06"   Lon: W 001° 35' 42"

                  Temperature (°C), Rain (mm), Wind Speed (mph)

                                      Heat  Cool        Avg
    Mean                              Deg   Deg         Wind                 Dom
Day Temp  High   Time   Low    Time   Days  Days  Rain  Speed High   Time    Dir
----------------------------------------------------------------------------------
01   0.4   4.8   13:00  -2.3   05:01  17.9   0.0   0.0   0.1   5.0   12:08   ESE
02   2.1   3.9   22:40   0.7   09:39  16.2   0.0  15.8   1.6  15.0   17:18   ESE
03   3.2   3.7   00:00   2.8   17:58  15.1   0.0  13.0   1.5  17.0   02:50     E
04   4.7   5.9   23:24   3.3   00:00  13.6   0.0   4.8   1.4  12.0   12:06   ESE
05   5.7   6.6   13:48   4.8   05:53  12.6   0.0  12.8   2.5  16.0   03:45     E
06   3.8   5.7   05:10   1.4   23:23  14.5   0.0  12.6   2.4  16.0   17:10     E
07   1.1   1.5   00:22   0.2   23:37  17.2   0.0   0.6   2.6  16.0   15:34   ENE
08   0.3   1.6   11:11  -1.0   07:59  18.0   0.0   0.0   2.0  15.0   08:52   ENE
09   0.1   2.1   14:09  -1.1   06:55  18.2   0.0   1.0   1.3  14.0   11:25     E
10  -1.3   1.9   13:50  -3.5   23:53  19.6   0.0   0.2   0.1   8.0   14:00   NNE
11  -3.6   2.9   14:46  -8.8   23:34  21.9   0.0   1.2   0.3   6.0   12:52     E
12  -3.8   1.4   13:41  -9.8   02:11  22.1   0.0   0.2   1.0  14.0   14:20    SE
13  -1.3  -0.1   15:03  -2.8   07:28  19.6   0.0   0.0   3.0  18.0   22:57   SSE
14   0.9   3.1   23:16  -1.3   00:00  17.4   0.0   2.6   4.6  27.0   09:27   SSW
15   5.6   9.7   15:44   2.8   04:53  12.7   0.0   0.0   1.3  14.0   00:47   SSW
16   7.8  11.2   14:47   5.1   21:42  10.5   0.0   1.0   2.5  16.0   01:38    SW
17   7.6  10.8   14:27   4.9   05:23  10.7   0.0   1.6   3.5  22.0   12:41   SSW
18   7.4   9.2   02:46   5.6   20:39  10.9   0.0   1.0   5.5  28.0   13:56    SW
19   7.6  11.1   19:00   3.8   06:53  10.7   0.0   0.6   3.9  22.0   10:23   SSW
20  10.6  12.1   21:47   9.2   23:48   7.7   0.0   7.2   4.4  26.0   18:18   SSW
21   9.4  13.3   13:35   7.4   07:54   8.9   0.0   1.0   2.1  18.0   00:34    SW
22   7.5  11.7   14:35   4.2   21:49  10.8   0.0   4.8   0.8  11.0   14:36    SW
23   8.7  12.7   13:56   4.3   01:44   9.6   0.0   2.4   4.9  36.0   13:35   SSW
24  10.1  11.9   00:48   8.2   23:58   8.2   0.0   4.2   3.3  20.0   01:06    SW
25   6.9  10.4   12:18   3.0   23:59  11.3   0.0   0.0   3.0  18.0   09:31   WSW
26   5.2  10.9   13:32   0.5   06:38  13.1   0.0   0.0   1.0  14.0   13:09     W
27   6.8  14.2   14:29   1.3   06:58  11.5   0.0   0.0   0.2   7.0   12:28   WSW
28   6.0  13.2   15:28   1.1   07:43  12.1   0.0   0.0   0.3   6.0   12:11   WSW
----------------------------------------------------------------------------------
     4.3  14.2    27    -9.8    12   392.6   0.0  88.6   2.2  36.0    23       S

Max >=  27.0  0
Max <=   0.0  1
Min <=   0.0  8
Min <= -18.0  0
Max Rain: 15.8 on day 2
Days of Rain: 20 (>= 0.2 mm)  10 (>= 2.0 mm)  0 (>= 20.0 mm)
Heat Base: 18.3  Cool Base: 18.3  Method: Integration


Page updated
powered by Cumulus v ()
Valid HTML Valid CSS