weather

 Latitude     Longitude     Elevation 

NOAA Style Reports for  Weather

Select a Year or Month report

Report for 2021 Jun
                   Monthly Climatological Summary for Jun 2021

Name: Spring weather   City: Duham   State: Co Durham
Elevation: 102 m  Lat: N 54° 47' 06"   Lon: W 001° 35' 42"

                  Temperature (°C), Rain (mm), Wind Speed (mph)

                                      Heat  Cool        Avg
    Mean                              Deg   Deg         Wind                 Dom
Day Temp  High   Time   Low    Time   Days  Days  Rain  Speed High   Time    Dir
----------------------------------------------------------------------------------
01  15.8  22.3   13:21   9.2   05:03   3.5   1.0   0.0   0.6  13.0   17:14    SE
02  13.5  19.8   13:16   7.9   05:12   4.9   0.1   0.0   0.5  10.0   15:04   ESE
03  15.4  21.6   14:48  10.8   02:01   3.4   0.5   0.0   0.3   8.0   11:03    SE
04  15.2  21.6   16:41  10.1   04:19   3.6   0.5   0.0   1.0  11.0   15:07    SW
05  15.9  23.1   14:28   6.4   04:59   3.7   1.3   0.0   1.0  13.0   17:56    SW
06  15.7  21.1   16:11  11.6   04:27   2.9   0.3   0.0   0.5   9.0   10:20   WSW
07  17.0  22.4   14:55  12.8   23:58   2.2   0.9   0.0   1.0  14.0   19:09    SW
08  15.5  20.9   17:39   8.7   04:45   3.2   0.5   0.0   1.7  15.0   15:40   WSW
09  17.8  23.8   14:07  11.4   05:15   2.0   1.6   0.0   2.5  17.0   15:00    SW
10  18.4  22.2   16:11  14.9   05:42   0.9   1.0   0.0   3.5  20.0   15:36    SW
11  16.8  20.1   13:04  13.9   23:24   1.7   0.2   0.0   4.2  23.0   13:54   WSW
12  15.1  20.1   17:55  10.5   04:50   3.4   0.2   0.0   2.9  16.0   10:01     W
13  18.3  24.7   17:00  12.1   02:56   1.8   1.8   0.0   2.0  15.0   16:24   WSW
14  15.2  18.8   00:00   9.7   23:59   3.1   0.0   0.0   2.9  19.0   10:11     W
15  15.0  22.4   16:50   6.7   04:37   4.0   0.7   0.0   1.3  15.0   18:09    SW
----------------------------------------------------------------------------------
    16.0  24.7    13     6.4     5    44.3  10.6   0.0   1.7  23.0    11     WSW

Max >=  27.0  0
Max <=   0.0  0
Min <=   0.0  0
Min <= -18.0  0
Max Rain: 0.0 on day 0
Days of Rain: 0 (>= 0.2 mm)  0 (>= 2.0 mm)  0 (>= 20.0 mm)
Heat Base: 18.3  Cool Base: 18.3  Method: Integration


Page updated
powered by Cumulus v ()
Valid HTML Valid CSS