weather

 Latitude     Longitude     Elevation 

NOAA Style Reports for  Weather

Select a Year or Month report

Report for 2021 Apr
                   Monthly Climatological Summary for Apr 2021

Name: Spring weather   City: Duham   State: Co Durham
Elevation: 102 m  Lat: N 54° 47' 06"   Lon: W 001° 35' 42"

                  Temperature (°C), Rain (mm), Wind Speed (mph)

                                      Heat  Cool        Avg
    Mean                              Deg   Deg         Wind                 Dom
Day Temp  High   Time   Low    Time   Days  Days  Rain  Speed High   Time    Dir
----------------------------------------------------------------------------------
01   5.8   7.6   17:21   3.4   22:00  12.5   0.0   0.0   0.6   9.0   15:07   ENE
02   5.6   9.9   16:54   0.7   04:04  12.7   0.0   0.0   0.7  10.0   15:49   NNW
03   6.9  11.3   16:46   3.1   23:54  11.4   0.0   0.0   0.8   8.0   01:41   NNW
04   7.9  17.1   12:04   0.3   06:58  10.4   0.0   0.0   4.5  32.0   17:33   WSW
05   3.0   7.6   15:55  -1.0   07:08  15.3   0.0   0.6   3.8  24.0   12:20   WNW
06   2.1   5.7   14:29  -0.6   06:51  16.2   0.0   0.0   3.2  23.0   11:30   WNW
07   3.0   6.8   15:36  -0.9   05:52  15.3   0.0   0.0   2.4  16.0   08:52     W
08   6.6  10.5   12:28   1.1   01:48  11.7   0.0   0.8   5.6  27.0   14:55   WSW
09   5.0   9.9   14:07  -0.4   23:54  13.3   0.0   0.0   1.7  23.0   00:18     W
10   2.3   7.7   12:18  -2.4   07:05  16.0   0.0   0.6   0.4   8.0   15:14    SE
11   2.1   8.3   14:55  -1.7   04:14  16.2   0.0   0.0   1.0  14.0   13:33   WNW
12   3.2  10.8   17:10  -2.3   06:32  15.1   0.0   2.6   1.1  10.0   16:15     W
13   4.4  10.1   12:50  -2.1   04:26  13.9   0.0   0.0   0.4  10.0   10:57    SW
14   5.0  11.7   13:27  -1.4   06:32  13.3   0.0   0.0   0.6   9.0   13:29   SSE
15   4.6  13.1   14:40  -3.1   06:32  13.7   0.0   0.0   0.6  10.0   12:50    SE
16   6.0  13.3   15:03  -1.3   03:42  12.3   0.0   0.0   0.8  10.0   15:16    SE
17   7.0  14.8   15:02  -1.2   06:21  11.3   0.0   0.0   0.6  10.0   15:31    SE
18   7.9  15.5   15:34   3.2   23:58  10.4   0.0   0.0   0.8   9.0   02:01   SSE
19   8.1  17.2   14:25  -0.7   06:22  10.1   0.0   0.0   0.7  10.0   13:43   SSE
20   9.0  15.9   13:29   2.7   06:04   9.3   0.0   0.0   0.5   9.0   14:21   ESE
21   7.8  11.1   15:53   1.1   23:58  10.5   0.0   0.0   0.9  14.0   13:06     E
22   7.4  17.3   16:07  -2.2   05:52  10.9   0.0   0.0   0.6  10.0   13:52   SSE
23  10.0  19.3   16:46  -0.6   06:01   8.4   0.1   0.0   0.7   9.0   11:42     S
24   8.6  12.1   15:06   5.4   23:57   9.7   0.0   0.0   0.5   9.0   12:37   ESE
25   6.8  12.8   14:48   0.6   04:57  11.5   0.0   0.0   0.5   8.0   12:44   ESE
26   7.7  14.6   14:19  -0.6   06:23  10.6   0.0   0.0   1.3  14.0   22:45   SSW
27   7.6  10.9   12:06   4.3   23:11  10.7   0.0   3.4   0.8  10.0   17:19     E
28   6.7  10.5   15:24   3.8   23:38  11.6   0.0   1.8   0.6  11.0   12:08     E
29   5.1   9.2   16:26   2.6   07:22  13.2   0.0   3.8   0.8  10.0   07:45   NNW
30   5.0   8.9   13:02   1.4   06:01  13.3   0.0   3.2   0.4   9.0   13:23   ENE
----------------------------------------------------------------------------------
     5.9  19.3    23    -3.1    15   370.8   0.1  16.8   1.3  32.0     4     WSW

Max >=  27.0  0
Max <=   0.0  0
Min <=   0.0 16
Min <= -18.0  0
Max Rain: 3.8 on day 29
Days of Rain: 8 (>= 0.2 mm)  4 (>= 2.0 mm)  0 (>= 20.0 mm)
Heat Base: 18.3  Cool Base: 18.3  Method: Integration


Page updated
powered by Cumulus v ()
Valid HTML Valid CSS