Spring weather

 Latitude N 54° 47' 06"    Longitude W 01° 35' 42"    Elevation 102 m

NOAA Style Reports for Spring Weather


Report for 2012 Feb
                   Monthly Climatological Summary for Feb 2012

Name: Spring weather   City: Durham   State: Co Durham
Elevation: 102 m  Lat: N 54 47 06   Lon: W 001 35 42

                  Temperature (C), Rain (mm), Wind Speed (mph)

                                      Heat  Cool        Avg
    Mean                              Deg   Deg         Wind                 Dom
Day Temp  High   Time   Low    Time   Days  Days  Rain  Speed High   Time    Dir
----------------------------------------------------------------------------------
 1   2.9   4.5   12:11   1.7   23:26  15.4   0.0   0.0   1.0  13.0   12:26   ESE
 2   0.4   2.6   13:25  -3.8   23:39  17.9   0.0   0.0   0.2   6.0   14:50   WSW
 3  -1.7   3.4   14:24  -6.4   07:02  20.0   0.0   0.0   0.7  10.0   13:52     W
 4  -1.0   0.6   12:02  -2.4   05:18  19.3   0.0   0.0   2.2  17.0   13:31   SSW
 5   2.5   7.0   14:06  -2.9   01:53  15.8   0.0   2.4   1.3  10.0   12:23     W
 6   3.2   7.4   12:52   0.4   22:08  15.1   0.0   0.2   0.3   8.0   14:21   NNW
 7   1.1   6.6   14:25  -1.9   07:55  17.2   0.0   0.2   0.8  11.0   16:46    SW
 8  -1.9   1.6   12:38  -5.6   04:59  20.2   0.0   0.0   1.9  12.0   11:55   SSW
 9  -0.1   1.4   11:56  -2.5   00:45  18.4   0.0   4.4   1.0   8.0   01:14   SSW
10  -0.1   0.8   11:10  -1.4   23:22  18.4   0.0   0.0   2.6  16.0   11:24   SSW
11  -0.3   4.2   23:27  -2.6   07:32  18.6   0.0   0.0   1.7  12.0   01:01    SW
12   4.3   6.8   14:07   2.5   23:23  14.0   0.0   0.2   1.3  10.0   00:05     W
13   5.8   9.1   14:01   1.3   03:07  12.5   0.0   0.6   2.7  20.0   10:41   WNW
14   6.4   8.3   19:18   3.7   02:01  11.8   0.0   0.2   3.8  18.0   19:40     W
15   7.9  10.9   14:25   4.9   05:31  10.4   0.0   0.0   3.6  18.0   11:59     W
16   8.0  10.3   11:00   5.6   01:41  10.3   0.0   0.0   4.1  20.0   14:02     W
17   7.4  10.3   23:10   4.0   06:46  10.9   0.0   0.0   3.8  24.0   23:16   WSW
18   5.9   9.9   00:09   1.2   23:42  12.4   0.0   0.6   8.3  31.0   03:20     W
19   2.2   5.6   15:20   0.1   06:18  16.1   0.0   0.0   2.7  16.0   03:31     W
20   6.0   8.5   15:56   1.1   04:37  12.3   0.0   0.2   7.0  32.0   13:28   WSW
21   9.3  11.6   13:59   7.8   01:38   9.0   0.0   0.0   7.7  31.0   22:26   WSW
22  10.8  12.7   19:28   9.0   07:07   7.5   0.0   0.4   8.3  35.0   01:48   WSW
23  11.9  14.5   15:11  10.1   02:16   6.4   0.0   0.0   6.6  31.0   16:51   WSW
24   9.5  12.6   00:01   5.7   20:45   8.8   0.0   0.2   4.7  24.0   11:44     W
25   6.9   8.8   14:28   4.8   06:09  11.4   0.0   0.0   4.4  32.0   13:53     W
26   8.1  11.2   13:23   7.0   01:07  10.2   0.0   0.4   3.1  19.0   20:05   WSW
27   9.6  11.4   11:06   6.8   00:46   8.7   0.0   0.4   3.3  19.0   11:42   WSW
28  12.4  17.2   15:11   8.2   21:36   5.9   0.0   0.2   1.7  15.0   11:09   WSW
29   9.3  13.1   14:51   6.9   22:22   9.0   0.0   0.0   2.4  22.0   13:59   WSW
----------------------------------------------------------------------------------
     5.1  17.2    28    -6.4     3   383.9   0.0  10.6   3.2  35.0    22     WSW

Max >=  27.0:  0
Max <=   0.0:  0
Min <=   0.0:  9
Min <= -18.0:  0
Max Rain: 4.4 on day 9
Days of Rain: 14 (>= 0.2 mm)  2 (>= 2.0 mm)  0 (>= 20.0 mm)
Heat Base: 18.3  Cool Base: 18.3  Method: Integration
:now::gauges::today::yesterday::this month::this year::records::monthly records::top 10::trends::NOAA records::garden::forum:


Page updated 15/11/2018 16:55:06
powered by Cumulus v3.0.0 (3042)