Spring weather

 Latitude N 54° 47' 06"    Longitude W 01° 35' 42"    Elevation 102 m

NOAA Style Reports for Spring Weather

Select a Year or Month report

Report for 2012 Apr
                   Monthly Climatological Summary for Apr 2012

Name: Spring weather   City: Durham   State: Co Durham
Elevation: 102 m  Lat: N 54 47 06   Lon: W 001 35 42

                  Temperature (C), Rain (mm), Wind Speed (mph)

                                      Heat  Cool        Avg
    Mean                              Deg   Deg         Wind                 Dom
Day Temp  High   Time   Low    Time   Days  Days  Rain  Speed High   Time    Dir
----------------------------------------------------------------------------------
 1   6.7  14.2   14:54  -1.5   06:53  11.6   0.0   0.0   2.6  15.0   12:30     W
 2   8.6  12.9   13:51   6.6   22:59   9.7   0.0   1.0   0.7   9.0   13:54   NNW
 3   4.4   8.0   10:29   0.7   22:00  13.8   0.0  11.4   2.1  18.0   16:53    NE
 4   4.4   7.1   13:37   0.8   00:00  13.9   0.0   7.0   3.9  22.0   10:15   ENE
 5   4.9  10.6   16:15  -1.2   06:30  13.4   0.0   0.0   1.4  12.0   16:35     W
 6   7.8  10.3   13:13   4.7   00:24  10.5   0.0   0.8   2.3  15.0   15:32     W
 7   6.9  10.1   15:56   4.8   06:09  11.4   0.0   1.2   0.6   7.0   18:43   WNW
 8   9.7  14.4   13:49   6.9   00:00   8.6   0.0   0.0   3.1  17.0   15:46     W
 9   7.5   9.6   13:57   5.8   06:24  10.8   0.0   2.0   2.3  15.0   01:52   WSW
10   7.1  10.7   15:01   4.3   06:56  11.2   0.0   1.8   4.9  32.0   12:16   WSW
11   6.7  10.9   12:53   2.8   23:59  11.6   0.0   3.6   0.7   9.0   13:05   WNW
12   5.3   8.2   14:08   1.7   01:09  13.0   0.0   0.4   0.4   8.0   14:09    NE
13   5.3   9.7   14:49   1.5   04:09  13.0   0.0   0.0   0.7   8.0   16:02     N
14   4.2   8.1   11:39   0.6   04:14  14.1   0.0   4.4   1.8  13.0   12:11     N
15   4.0   8.2   13:47  -0.2   03:52  14.3   0.0   0.0   1.7  13.0   10:37   NNW
16   5.2   9.8   14:00  -0.4   01:23  13.1   0.0   0.0   1.2  11.0   15:26     W
17   7.0  11.3   14:06   3.1   07:20  11.3   0.0   3.2   4.0  22.0   06:20    SW
18   5.2   7.8   11:19   0.8   06:06  13.1   0.0  14.4   1.4  16.0   16:45     E
19   7.0   8.7   12:51   6.2   22:39  11.2   0.0   5.4   1.7  14.0   12:34    NE
20   7.6  11.7   16:34   5.6   05:46  10.7   0.0   1.8   1.1  12.0   13:06   WNW
21   7.6  12.4   14:09   4.8   06:08  10.7   0.0   2.4   0.7  11.0   17:44   WNW
22   6.7   9.5   13:45   4.9   23:48  11.6   0.0   5.6   0.3   7.0   14:39    NW
23   6.5  10.7   15:10   3.4   23:51  11.8   0.0   1.0   0.6   9.0   15:10   ENE
24   6.4  11.9   14:57   2.4   03:40  11.9   0.0   1.8   0.5   7.0   09:33   WSW
25   6.5   9.3   10:40   3.6   05:02  11.8   0.0  10.2   2.2  16.0   10:49     E
26   7.5   8.7   10:17   6.7   19:13  10.8   0.0  16.8   1.9  12.0   15:18    NE
27   6.7  10.3   15:58   4.1   06:53  11.6   0.0   2.2   1.4  12.0   03:14     N
28   6.3   9.4   14:17   3.3   03:28  12.0   0.0   1.0   1.7  14.0   10:47   ENE
29   5.7   6.9   23:46   5.2   04:37  12.0   0.0   9.4   2.3  16.0   19:30   ENE
30   8.2   9.4   14:30   6.9   00:00   9.3   0.0   0.2   0.6   9.0   15:00   ENE
----------------------------------------------------------------------------------
     6.5  14.4     8    -1.5     1   353.8   0.0 109.0   1.7  32.0    10      NW

Max >=  27.0:  0
Max <=   0.0:  0
Min <=   0.0:  4
Min <= -18.0:  0
Max Rain: 16.8 on day 26
Days of Rain: 24 (>= 0.2 mm)  14 (>= 2.0 mm)  0 (>= 20.0 mm)
Heat Base: 18.3  Cool Base: 18.3  Method: Integration
:now::gauges::today::yesterday::this month::this year::records::monthly records::trends::NOAA records::forum:


Page updated 24/05/2018 17:51:24
powered by Cumulus v3.0.0 (3042)