Spring weather

 Latitude N 54° 47' 06"    Longitude W 01° 35' 42"    Elevation 102 m

NOAA Style Reports for Spring Weather

Select a Year or Month report

Report for 2012 May
                   Monthly Climatological Summary for May 2012

Name: Spring weather   City: Durham   State: Co Durham
Elevation: 102 m  Lat: N 54 47 06   Lon: W 001 35 42

                  Temperature (C), Rain (mm), Wind Speed (mph)

                                      Heat  Cool        Avg
    Mean                              Deg   Deg         Wind                 Dom
Day Temp  High   Time   Low    Time   Days  Days  Rain  Speed High   Time    Dir
----------------------------------------------------------------------------------
 1   8.6  11.9   12:25   7.1   23:12   9.7   0.0   0.4   1.7  14.0   13:33    NE
 2   7.5   8.8   13:54   6.1   22:34  10.8   0.0   1.0   1.5   9.0   12:27   NNE
 3   6.7   8.7   16:56   4.9   23:04  11.6   0.0   0.0   0.6   8.0   00:06    NE
 4   5.9   8.7   13:59   1.9   23:09  12.4   0.0   0.4   1.5  14.0   14:16   NNE
 5   4.4   8.0   17:24   0.1   23:40  13.9   0.0   0.0   1.0  12.0   08:52     N
 6   5.2  11.7   13:43  -1.6   04:06  13.1   0.0   0.0   0.9  11.0   13:26   SSE
 7   7.4  11.7   13:13   3.0   05:39  10.9   0.0   2.2   1.6  16.0   19:04     S
 8  10.2  15.3   14:36   6.8   23:51   8.1   0.0   2.4   2.4  18.0   15:40   WSW
 9   8.9  14.8   13:57   4.5   04:09   9.4   0.0   1.8   0.9  12.0   16:49    SE
10   7.6   8.6   14:12   6.7   05:19  10.7   0.0  18.0   0.8  11.0   03:05    NE
11   6.9  11.2   15:48   5.1   23:01  11.4   0.0  13.2   1.2  18.0   14:37   WNW
12   8.9  15.1   15:52   2.6   05:43   9.4   0.0   0.0   2.3  13.0   14:42     W
13   9.3  12.7   11:21   6.0   05:14   9.0   0.0   0.0   6.6  30.0   23:50   WSW
14   9.5  13.6   13:32   6.3   05:08   8.8   0.0   0.0   4.8  29.0   00:21   WSW
15   6.8  11.1   18:32   3.5   23:05  11.5   0.0   3.6   1.8  12.0   15:26    NW
16   7.6  11.8   12:11   1.9   05:57  10.7   0.0   0.0   2.1  15.0   15:21     W
17   7.7   9.4   12:15   5.7   05:02  10.6   0.0   2.2   0.5  10.0   10:35   WSW
18   8.0  10.1   12:56   6.5   02:00  10.3   0.0   0.6   0.8  10.0   17:27     E
19   7.6  10.4   16:58   4.7   23:52  10.7   0.0   0.8   1.0   9.0   13:25   NNE
20   8.3  13.1   17:02   3.9   03:17  10.0   0.0   0.0   0.5   8.0   13:06     E
21   9.2  13.1   15:31   6.4   00:00   9.1   0.0   0.0   0.3   7.0   11:36    NW
22  14.9  22.4   14:48   8.3   06:00   4.3   0.9   0.0   0.5   9.0   12:58   NNE
23  16.0  22.7   15:45   8.6   05:15   3.4   1.1   0.0   0.3   8.0   15:07    SE
24  17.2  24.4   12:51  11.6   04:52   2.6   1.5   0.0   0.5   9.0   13:21     E
25  15.9  22.6   13:04  11.1   06:28   3.1   0.7   0.0   0.8  11.0   13:59   ESE
26  15.3  21.1   13:08   8.4   04:27   3.7   0.7   0.0   0.5  11.0   12:37   ESE
27  16.2  22.6   15:36  10.4   06:43   3.3   1.2   0.0   0.4   8.0   15:07    SE
28  16.3  25.7   14:27   7.7   05:30   3.8   1.9   0.0   0.4   8.0   15:36    SW
29  15.1  19.9   16:48  12.0   23:59   3.3   0.1   0.0   0.2   6.0   11:04    SE
30  13.6  19.4   13:14   7.7   04:25   4.7   0.0   3.2   0.1   5.0   08:06    SE
31  13.3  17.1   16:02  10.4   23:30   5.0   0.0   5.6   0.6  11.0   15:18   WNW
----------------------------------------------------------------------------------
    10.2  25.7    28    -1.6     6   259.3   8.1  55.4   1.3  30.0    13       W

Max >=  27.0:  0
Max <=   0.0:  0
Min <=   0.0:  1
Min <= -18.0:  0
Max Rain: 18.0 on day 10
Days of Rain: 14 (>= 0.2 mm)  8 (>= 2.0 mm)  0 (>= 20.0 mm)
Heat Base: 18.3  Cool Base: 18.3  Method: Integration
:now::gauges::today::yesterday::this month::this year::records::monthly records::trends::NOAA records::forum:


Page updated 24/05/2018 17:51:24
powered by Cumulus v3.0.0 (3042)