Spring weather

 Latitude N 54° 47' 06"    Longitude W 01° 35' 42"    Elevation 102 m

NOAA Style Reports for Spring Weather

Select a Year or Month report

Report for 2012 Jun
                   Monthly Climatological Summary for Jun 2012

Name: Spring weather   City: Durham   State: Co Durham
Elevation: 102 m  Lat: N 54 47 06   Lon: W 001 35 42

                  Temperature (C), Rain (mm), Wind Speed (mph)

                                      Heat  Cool        Avg
    Mean                              Deg   Deg         Wind                 Dom
Day Temp  High   Time   Low    Time   Days  Days  Rain  Speed High   Time    Dir
----------------------------------------------------------------------------------
 1  10.5  12.6   16:23   8.8   03:45   7.8   0.0   2.0   0.1   7.0   18:25    SE
 2   8.9   9.9   00:00   8.0   20:34   9.4   0.0   0.6   0.2   8.0   14:17    SE
 3   9.0  11.9   13:54   5.9   22:59   9.3   0.0   0.0   0.5  10.0   15:57    SE
 4   9.7  14.7   16:20   4.3   05:02   8.6   0.0   1.4   0.5   9.0   16:06   WNW
 5  10.7  15.3   11:16   3.9   05:31   7.6   0.0   0.2   0.8  11.0   14:05     S
 6  13.8  19.0   17:13  10.2   03:01   4.5   0.0   4.6   1.6  18.0   15:22   WSW
 7  12.3  17.2   12:29   6.7   04:22   6.0   0.0   6.4   0.9  11.0   11:46   ESE
 8  12.4  14.4   13:50  11.3   06:00   5.9   0.0  18.4   1.1  11.0   06:43   ESE
 9  12.5  16.3   13:06  10.7   22:50   5.8   0.0   9.8   1.4  13.0   08:38   WNW
10  11.8  14.8   11:36   9.7   05:13   6.5   0.0   2.0   0.1   5.0   13:49    SE
11  10.3  12.3   14:10   6.8   23:26   8.0   0.0   0.4   0.1   7.0   13:58     S
12  10.4  14.3   15:34   6.6   01:59   7.9   0.0   0.0   0.3   8.0   15:01     W
13  10.2  14.9   14:21   5.8   05:15   8.1   0.0   0.0   0.3   6.0   12:21     S
14  10.7  14.1   16:17   7.9   01:03   7.6   0.0   0.0   1.5  13.0   17:28   ESE
15  11.1  15.3   14:21   8.7   04:37   7.2   0.0  17.0   1.5  16.0   09:22   ESE
16  12.8  15.9   13:19  10.2   04:02   5.5   0.0   5.6   0.9  12.0   13:15     S
17  12.2  15.1   16:41  10.1   23:56   6.1   0.0   0.6   1.7  13.0   02:37     W
18  12.9  18.3   18:43   7.6   05:26   5.4   0.0   0.0   0.5   7.0   18:32     W
19  13.7  19.3   15:55   7.5   03:30   4.7   0.1   0.8   1.8  16.0   15:18   WSW
20  13.5  19.4   14:20   5.6   04:28   5.0   0.2   0.0   0.4  11.0   15:17    SE
21  12.5  14.3   17:21  10.8   03:31   5.8   0.0   5.6   0.6  12.0   15:01   ESE
22  12.8  14.6   13:50  10.9   05:50   5.5   0.0   2.2   2.4  26.0   19:14   WSW
23  13.3  16.7   16:21  11.7   05:08   5.0   0.0   0.2   6.4  25.0   08:03   WSW
24  12.7  18.2   14:35   9.8   05:20   5.6   0.0  14.0   1.6  14.0   11:15   WNW
25  13.1  16.2   14:11  10.2   05:21   5.2   0.0   0.0   1.1  14.0   04:33    NW
26  14.3  19.6   15:22   8.4   03:21   4.1   0.1   0.4   0.4   9.0   23:35   SSE
27  17.7  22.1   15:43  14.7   03:42   1.3   0.7   1.4   1.0  12.0   17:38   WSW
28  16.7  20.7   15:54  13.1   23:34   1.9   0.3  28.0   0.6  12.0   19:33    SW
29  15.4  19.8   15:57  10.8   02:49   3.0   0.1   0.2   2.9  26.0   16:14   WSW
30  14.7  18.8   14:55  10.9   23:59   3.5   0.0   1.4   2.3  17.0   14:47   WSW
----------------------------------------------------------------------------------
    12.4  22.1    27     3.9     5   177.8   1.5 123.2   1.2  26.0    22     WSW

Max >=  27.0:  0
Max <=   0.0:  0
Min <=   0.0:  0
Min <= -18.0:  0
Max Rain: 28.0 on day 28
Days of Rain: 23 (>= 0.2 mm)  12 (>= 2.0 mm)  1 (>= 20.0 mm)
Heat Base: 18.3  Cool Base: 18.3  Method: Integration
:now::gauges::today::yesterday::this month::this year::records::monthly records::trends::NOAA records::forum:


Page updated 24/05/2018 17:51:24
powered by Cumulus v3.0.0 (3042)