Spring weather

 Latitude N 54° 47' 06"    Longitude W 01° 35' 42"    Elevation 102 m

NOAA Style Reports for Spring Weather

Select a Year or Month report

Report for 2014 Feb
                   Monthly Climatological Summary for Feb 2014

Name: Spring weather   City: Durham   State: Co Durham
Elevation: 102 m  Lat: N 54 47 06   Lon: W 001 35 42

                  Temperature (C), Rain (mm), Wind Speed (mph)

                                      Heat  Cool        Avg
    Mean                              Deg   Deg         Wind                 Dom
Day Temp  High   Time   Low    Time   Days  Days  Rain  Speed High   Time    Dir
----------------------------------------------------------------------------------
 1   4.8   6.8   21:04   1.3   06:50  13.5   0.0   2.4   5.5  28.0   17:26    SW
 2   6.0   7.6   12:53   4.1   22:39  12.3   0.0   0.0   5.3  28.0   14:18   WSW
 3   5.0   6.7   14:39   3.7   03:32  13.3   0.0   0.0   3.1  23.0   13:03   SSE
 4   5.0   7.4   14:54   3.3   08:15  13.2   0.0   2.4   2.2  17.0   14:17     S
 5   5.8   7.7   22:18   3.9   06:56  12.5   0.0   8.0   3.8  21.0   04:21   SSE
 6   6.9   8.7   11:47   4.5   23:59  11.4   0.0   2.0   3.2  19.0   01:14   WSW
 7   4.6   7.8   14:00   2.3   07:48  13.7   0.0   0.8   2.2  17.0   14:04   WSW
 8   5.9   8.0   14:45   4.6   00:12  12.4   0.0   4.2   4.8  25.0   14:43   SSW
 9   5.6   7.9   13:30   3.2   23:52  12.7   0.0   3.4   5.7  26.0   12:13   WSW
10   3.2   7.2   13:52   0.4   23:50  15.1   0.0   0.0   1.5  12.0   13:07    SW
11   2.4   5.8   15:13   0.3   02:29  15.9   0.0   2.2   3.7  21.0   15:39    SW
12   3.0   5.6   15:36   0.8   06:49  15.3   0.0  12.2   6.5  55.0   22:03    SW
13   4.2   5.9   14:40   2.8   03:57  14.1   0.0   1.6   9.4  39.0   01:01   WSW
14   4.5   7.3   23:47   2.9   08:20  13.8   0.0  11.0   2.6  17.0   14:14   SSW
15   5.9   7.4   00:11   3.3   13:57  12.4   0.0   3.4   4.9  29.0   20:44   WSW
16   4.6   7.6   14:49   2.2   23:34  13.7   0.0   0.0   4.0  21.0   02:44     W
17   4.4   7.4   19:13   0.4   02:16  13.9   0.0   1.4   1.0  13.0   19:53   SSW
18   6.8  10.0   13:10   4.3   07:03  11.5   0.0   0.2   1.6  16.0   13:32    SW
19   7.6   9.8   13:40   5.2   06:09  10.7   0.0   0.8   1.0  14.0   23:49    SW
20   7.5  10.8   09:06   4.1   20:13  10.8   0.0   0.4   4.8  31.0   10:44    SW
21   5.6   8.2   13:30   4.2   01:56  12.7   0.0   0.4   6.4  30.0   15:41   WSW
22   7.2   9.2   11:32   5.1   01:54  11.1   0.0   0.0   6.1  29.0   14:05   WSW
23   9.7  11.7   13:35   7.2   00:00   8.5   0.0   1.0   6.0  29.0   11:25    SW
24   8.6  10.9   15:30   6.1   09:00   9.4   0.0   0.6   3.8  23.0   10:00    SW
25   7.5  10.6   14:19   4.3   23:56  10.8   0.0   0.4   3.4  22.0   16:22   SSW
26   6.2   8.9   14:46   3.8   01:28  12.1   0.0   0.0   4.1  22.0   12:45   WSW
27   5.6   9.1   13:36   1.8   23:45  12.7   0.0   3.2   3.7  23.0   13:45   WSW
28   3.3   9.8   15:03  -1.4   06:20  15.0   0.0   0.0   0.4   9.0   15:18     W
----------------------------------------------------------------------------------
     5.6  11.7    23    -1.4    28   354.5   0.0  62.0   4.0  55.0    12      SW

Max >=  27.0:  0
Max <=   0.0:  0
Min <=   0.0:  1
Min <= -18.0:  0
Max Rain: 12.2 on day 12
Days of Rain: 21 (>= 0.2 mm)  11 (>= 2.0 mm)  0 (>= 20.0 mm)
Heat Base: 18.3  Cool Base: 18.3  Method: Integration
:now::gauges::today::yesterday::this month::this year::records::monthly records::trends::NOAA records::forum:


Page updated 24/05/2018 17:51:24
powered by Cumulus v3.0.0 (3042)