Spring weather

 Latitude N 54° 47' 06"    Longitude W 01° 35' 42"    Elevation 102 m

NOAA Style Reports for Spring Weather

Select a Year or Month report

Report for 2014 Sep
                   Monthly Climatological Summary for Sep 2014

Name: Spring weather   City: Durham   State: Co Durham
Elevation: 102 m  Lat: N 54 47 06   Lon: W 001 35 42

                  Temperature (C), Rain (mm), Wind Speed (mph)

                                      Heat  Cool        Avg
    Mean                              Deg   Deg         Wind                 Dom
Day Temp  High   Time   Low    Time   Days  Days  Rain  Speed High   Time    Dir
----------------------------------------------------------------------------------
 1  14.5  18.1   17:38  11.5   23:59   3.8   0.0   4.6   0.5  12.0   14:24   WNW
 2  14.3  19.8   15:33   9.1   05:54   4.2   0.2   0.2   0.3   7.0   14:28    SE
 3  16.3  21.5   14:53  12.6   00:22   2.5   0.5   0.0   0.4   9.0   13:21    SE
 4  16.6  21.3   15:47  13.7   08:05   2.3   0.6   0.0   0.3   8.0   14:49    SE
 5  15.7  23.1   15:06  10.7   07:30   3.3   0.7   1.0   0.1   7.0   15:33    SW
 6  13.4  15.9   17:10  11.4   23:53   4.9   0.0   7.0   0.0   5.0   02:29   WSW
 7  12.8  18.2   15:05   7.9   06:35   5.5   0.0   0.0   0.5   9.0   08:24   WNW
 8  12.1  17.2   13:46   6.8   05:26   6.2   0.0   0.0   0.3   7.0   02:22     W
 9  13.1  19.2   14:58   8.2   06:49   5.3   0.1   0.0   0.2   5.0   10:42    SW
10  13.4  18.7   13:47   9.4   03:34   4.9   0.0   0.0   0.3   8.0   13:08    SE
11  13.6  19.8   14:53   9.9   03:31   4.8   0.1   0.0   0.4   8.0   15:29     S
12  13.7  20.3   16:09   7.3   06:37   4.8   0.2   0.0   0.3   9.0   11:08     S
13  12.4  19.3   13:54   5.8   06:38   5.9   0.0   0.0   0.3   8.0   16:35    SE
14  13.5  16.2   13:06   9.1   00:00   4.8   0.0   0.2   0.3   9.0   15:37    SE
15  14.4  15.6   15:56  13.3   01:41   3.9   0.0   1.6   0.0   6.0   04:00   WSW
16  14.5  18.1   15:45  12.0   06:26   3.8   0.0   0.2   0.1   6.0   21:10   SSE
17  14.6  16.9   15:50  13.2   04:35   3.7   0.0   0.2   0.0   5.0   12:40   SSW
18  15.2  17.2   13:40  14.2   05:23   3.1   0.0   0.8   0.1   6.0   12:57   ESE
19  14.4  15.1   15:29  13.8   23:10   3.9   0.0   0.6   0.0   3.0   02:01   ---
20  12.9  13.8   00:00  10.0   21:49   5.4   0.0   1.0   0.2   9.0   09:00   WNW
21  11.0  14.4   11:09   5.8   23:31   7.3   0.0   0.0   0.4   8.0   09:38    NW
22  12.1  19.5   16:35   6.0   00:00   6.2   0.0   0.0   0.8  13.0   17:22   WNW
23  11.7  16.1   12:48   6.8   05:51   6.6   0.0   1.2   0.4  11.0   11:46   WSW
24  12.6  16.4   16:48   8.4   23:44   5.7   0.0   2.0   1.1  12.0   08:17   WNW
25  14.6  20.8   16:31   8.3   01:36   4.0   0.3   0.0   1.8  20.0   23:01   WSW
26  14.7  17.8   15:01   9.0   23:22   3.6   0.0   0.0   2.3  17.0   10:03     W
27  11.9  16.7   16:16   7.4   06:50   6.4   0.0   0.0   1.0  16.0   16:42   WSW
28  14.8  19.7   14:18  11.5   01:54   3.5   0.1   0.0   0.3   9.0   13:30    SW
29  14.9  20.6   14:35  10.6   07:14   3.7   0.3   0.0   0.1   5.0   13:20   WSW
30  14.8  20.6   14:49   8.8   06:36   3.8   0.3   0.0   0.9  15.0   13:37   WSW
----------------------------------------------------------------------------------
    13.8  23.1     5     5.8    13   137.8   3.4  20.6   0.5  20.0    25     WSW

Max >=  27.0:  0
Max <=   0.0:  0
Min <=   0.0:  0
Min <= -18.0:  0
Max Rain: 7.0 on day 6
Days of Rain: 13 (>= 0.2 mm)  3 (>= 2.0 mm)  0 (>= 20.0 mm)
Heat Base: 18.3  Cool Base: 18.3  Method: Integration
:now::gauges::today::yesterday::this month::this year::records::monthly records::trends::NOAA records::forum:


Page updated 25/02/2018 05:40:03
powered by Cumulus v3.0.0 (3042)