Spring weather

 Latitude N 54° 47' 06"    Longitude W 01° 35' 42"    Elevation 102 m

NOAA Style Reports for Spring Weather


Report for 2015 Feb
                   Monthly Climatological Summary for Feb 2015

Name: Spring weather   City: Duham   State: Co Durham
Elevation: 102 m  Lat: N 54° 47' 06"   Lon: W 001° 35' 42"

                  Temperature (°C), Rain (mm), Wind Speed (mph)

                                      Heat  Cool        Avg
    Mean                              Deg   Deg         Wind                 Dom
Day Temp  High   Time   Low    Time   Days  Days  Rain  Speed High   Time    Dir
----------------------------------------------------------------------------------
01   1.5   3.2   13:03  -1.1   22:40  16.8   0.0   1.2   4.4  23.0   00:19   WNW
02   0.5   2.6   14:41  -1.4   23:28  17.8   0.0   0.0   2.8  15.0   13:09   WNW
03   0.7   3.7   12:50  -2.0   06:00  17.6   0.0   1.2   1.5  12.0   12:32   WNW
04   1.9   4.1   14:06   0.3   08:01  16.4   0.0   0.4   2.7  15.0   05:06   WNW
05   4.0   6.1   14:39   2.4   07:29  14.3   0.0   2.2   1.1  10.0   00:37   WNW
06   3.5   5.2   15:05   1.7   06:20  14.8   0.0   0.0   0.1   3.0   04:23   NNE
07   3.4   9.1   12:50   0.1   03:02  14.9   0.0   0.2   0.9  10.0   23:41   WNW
08   4.9  10.6   13:23   0.2   08:22  13.4   0.0   0.0   2.7  18.0   17:38     W
09   5.8  10.1   12:55  -0.3   23:58  12.5   0.0   0.0   1.5  14.0   12:13   WNW
10   1.4   8.7   15:36  -2.6   06:50  16.9   0.0   0.2   0.4   7.0   21:41   WSW
11   2.0   4.8   14:44  -0.1   01:27  16.3   0.0   0.0   1.0  12.0   14:46   WSW
12   4.0   6.1   12:54   3.0   23:42  14.3   0.0   0.0   0.8  10.0   13:06    SW
13   4.3   6.7   16:56   1.7   03:17  14.0   0.0   0.6   1.2  11.0   04:28     S
14   6.4   8.4   13:38   5.2   00:42  11.9   0.0   0.0   0.2   8.0   13:04    SE
15   6.0   9.4   14:34   4.1   19:08  12.3   0.0   0.0   0.7  11.0   17:37     S
16   5.1   8.1   13:24   2.1   23:58  13.2   0.0   2.2   2.4  12.0   13:30   WSW
17   5.0   8.8   14:49   1.6   01:25  13.3   0.0   0.0   4.2  19.0   05:23   WSW
18   8.5  10.8   13:53   6.6   00:00   9.8   0.0   0.0   5.4  27.0   13:16   WSW
19   6.9   8.8   13:01   2.9   23:59  11.4   0.0   0.0   4.0  24.0   00:09   WSW
20   3.3   6.5   12:21   0.0   06:45  15.0   0.0   0.2   1.7  17.0   11:41   WSW
21   3.1   6.3   13:26   0.8   07:01  15.2   0.0   0.0   3.7  20.0   13:47     W
22   2.4   7.6   20:33  -0.7   02:45  15.9   0.0   3.2   2.7  31.0   20:55    SW
23   3.8   5.9   14:34   2.1   20:43  14.5   0.0   2.0   7.9  32.0   16:02   WSW
24   4.4   6.8   13:14   2.1   23:20  13.9   0.0   1.6   7.9  31.0   01:48     W
25   6.0   9.1   14:47   2.3   00:00  12.3   0.0   0.0   1.5  13.0   20:39    SW
26   6.9  10.8   06:10   2.6   22:58  11.4   0.0   1.2   4.8  23.0   09:33   WSW
27   4.7   8.5   13:17   1.9   01:21  13.6   0.0   0.0   4.0  19.0   03:38   WSW
28   7.9  10.2   10:46   5.4   00:00  10.4   0.0   0.4   5.1  36.0   22:08    SW
----------------------------------------------------------------------------------
     4.2  10.8    18    -2.6    10   394.1   0.0  16.8   2.8  36.0    28     WSW

Max >=  27.0  0
Max <=   0.0  0
Min <=   0.0  8
Min <= -18.0  0
Max Rain: 3.2 on day 22
Days of Rain: 14 (>= 0.2 mm)  4 (>= 2.0 mm)  0 (>= 20.0 mm)
Heat Base: 18.3  Cool Base: 18.3  Method: Integration


Page updated 29/11/2020 01:30:02
powered by Cumulus v3.9.1 (3096)
Valid HTML Valid CSS