Spring weather

 Latitude N 54° 47' 06"    Longitude W 01° 35' 42"    Elevation 102 m

NOAA Style Reports for Spring Weather

Select a Year or Month report

Report for 2015 Mar
                   Monthly Climatological Summary for Mar 2015

Name: Spring weather   City: Durham   State: Co Durham
Elevation: 102 m  Lat: N 54 47 06   Lon: W 001 35 42

                  Temperature (C), Rain (mm), Wind Speed (mph)

                                      Heat  Cool        Avg
    Mean                              Deg   Deg         Wind                 Dom
Day Temp  High   Time   Low    Time   Days  Days  Rain  Speed High   Time    Dir
----------------------------------------------------------------------------------
 1   5.2   7.9   00:00   2.9   18:09  13.1   0.0   0.6   8.6  31.0   13:04   WSW
 2   3.0   5.3   13:14   1.3   07:31  15.3   0.0   0.2   6.3  37.0   12:26     W
 3   3.6   6.2   13:54   1.0   07:30  14.7   0.0   0.0   6.8  26.0   22:14   WSW
 4   5.7  10.1   14:42   2.9   22:02  12.6   0.0   0.4   5.7  24.0   00:13     W
 5   7.4  10.1   15:35   4.1   04:04  10.9   0.0   0.0   4.6  27.0   15:44   WSW
 6   8.4  11.6   16:19   6.8   03:00   9.9   0.0   0.0   7.9  34.0   13:58   WSW
 7   9.9  11.8   15:53   7.8   00:08   8.4   0.0   0.0  12.4  45.0   23:40   WSW
 8   8.1  11.2   10:12   0.7   23:27  10.2   0.0   0.0   6.6  35.0   01:32   WSW
 9   4.5  10.8   17:06  -1.5   05:07  13.8   0.0   0.6   4.5  31.0   17:02   WSW
10   6.1  10.4   15:14  -0.8   23:09  12.2   0.0   0.0   3.7  23.0   01:47     W
11   4.5   9.1   13:54  -1.3   01:35  13.8   0.0   2.2   2.2  19.0   10:51    SW
12   7.3   7.3   00:00   7.3   00:00  11.0   0.0   0.0   1.0   1.0   00:00     W
13   5.8   7.3   00:00   2.4   08:23  12.3   0.0  16.8   0.7   8.0   08:14   WNW
14   4.0   5.8   11:29   1.6   22:09  14.3   0.0   0.0   0.5   8.0   11:02   ESE
15   5.8   8.6   13:37   3.3   00:00  12.5   0.0   0.0   0.8  11.0   12:57     E
16   4.7   6.2   13:04   0.9   23:50  13.5   0.0   6.0   0.2   7.0   09:08    SE
17   4.9   8.7   15:55   0.9   00:00  13.4   0.0   0.2   0.4   7.0   15:01    SW
18   5.3   9.4   14:40   1.6   03:27  13.0   0.0   0.0   0.5   7.0   11:33     W
19   5.8  12.5   15:49  -0.7   06:13  12.5   0.0   0.0   0.4   6.0   17:39    NW
20   8.9  13.0   13:43   4.9   23:57   9.4   0.0   0.0   2.6  20.0   12:26     W
21   5.3   7.2   14:33   0.2   23:52  13.0   0.0   0.0   2.1  14.0   05:32     N
22   5.1  12.4   13:49  -1.4   02:38  13.2   0.0   0.0   2.1  14.0   10:36    SW
23   7.7  12.1   14:39   3.1   23:56  10.6   0.0   0.0   3.6  20.0   02:00     W
24   3.9  10.8   15:17   0.0   05:46  14.4   0.0   3.0   0.9  10.0   10:50   WNW
25   3.7   8.1   16:10   0.5   01:49  14.6   0.0   0.2   0.4   8.0   15:57    NW
26   5.6  10.4   14:22   2.0   07:27  12.7   0.0   3.8   5.1  32.0   11:46     W
27   6.2   9.8   15:03   3.0   07:05  12.1   0.0   0.0   3.5  17.0   02:05     W
28   8.6  14.1   14:21   4.1   00:00   9.7   0.0   2.8   4.9  33.0   14:53   WSW
29   7.1   9.4   16:37   4.1   22:52  10.7   0.0   0.0   7.0  29.0   22:00     W
30   5.5   9.3   23:15   2.3   02:54  12.8   0.0   6.8   7.5  26.0   12:21     W
31   5.9   8.8   00:09   2.1   18:29  12.4   0.0   2.8  11.9  48.0   04:29     W
----------------------------------------------------------------------------------
     5.9  14.1    28    -1.5     9   383.0   0.0  46.4   4.0  48.0    31     WSW

Max >=  27.0:  0
Max <=   0.0:  0
Min <=   0.0:  6
Min <= -18.0:  0
Max Rain: 16.8 on day 13
Days of Rain: 14 (>= 0.2 mm)  8 (>= 2.0 mm)  0 (>= 20.0 mm)
Heat Base: 18.3  Cool Base: 18.3  Method: Integration
:now::gauges::today::yesterday::this month::this year::records::monthly records::trends::NOAA records::forum:


Page updated 25/02/2018 05:45:09
powered by Cumulus v3.0.0 (3042)