Spring weather

 Latitude N 54° 47' 06"    Longitude W 01° 35' 42"    Elevation 102 m

NOAA Style Reports for Spring Weather

Select a Year or Month report

Report for 2015 Aug
                   Monthly Climatological Summary for Aug 2015

Name: Spring weather   City: Durham   State: Co Durham
Elevation: 102 m  Lat: N 54 47 06   Lon: W 001 35 42

                  Temperature (C), Rain (mm), Wind Speed (mph)

                                      Heat  Cool        Avg
    Mean                              Deg   Deg         Wind                 Dom
Day Temp  High   Time   Low    Time   Days  Days  Rain  Speed High   Time    Dir
----------------------------------------------------------------------------------
 1  14.2  18.8   16:55  10.2   06:16   4.1   0.0   1.0   2.2  21.0   14:05   WSW
 2  14.1  19.2   15:14  11.1   00:28   4.3   0.0   3.8   0.3  10.0   11:53   SSE
 3  16.8  21.7   11:44  13.0   02:03   1.9   0.4   0.0   1.9  21.0   14:04   WSW
 4  15.4  19.8   16:47  10.9   03:34   3.0   0.1   0.2   3.2  27.0   14:48   WSW
 5  16.8  23.3   16:05  13.2   05:06   2.3   0.8   0.0   1.3  14.0   00:29    SW
 6  16.3  20.6   13:31  11.3   23:55   2.4   0.4   0.2   1.3  13.0   12:17   WNW
 7  13.8  20.6   11:22   7.8   05:50   4.6   0.1   0.0   0.1   5.0   01:44   NNW
 8  15.3  21.8   16:54   7.3   05:59   3.9   0.8   0.0   1.4  16.0   17:00   WSW
 9  16.4  19.8   18:48  12.6   03:03   2.2   0.2   1.6   2.1  17.0   09:09   WSW
10  17.1  21.6   10:47  12.8   23:59   1.9   0.8   0.8   2.2  25.0   16:44   WSW
11  14.4  18.4   14:51   9.4   05:50   3.9   0.0   0.0   0.5  11.0   13:34     W
12  14.9  20.6   16:12   9.8   04:04   3.8   0.4   0.0   0.4   9.0   14:58    SE
13  14.8  20.6   11:02   8.3   06:13   4.0   0.4   2.0   0.6  12.0   13:16   ESE
14  13.8  14.9   00:00  13.1   22:29   4.5   0.0  12.6   0.5   9.0   07:24   WNW
15  13.7  18.1   16:49   9.1   23:56   4.6   0.0   0.4   2.0  16.0   15:17   WNW
16  13.0  20.2   16:10   5.2   05:58   5.4   0.1   0.0   0.2   9.0   16:08   SSW
17  15.6  20.7   15:48  11.0   05:50   3.1   0.4   0.0   0.4  10.0   14:07   WSW
18  13.4  14.3   23:42  12.4   09:13   4.9   0.0  12.6   2.2  15.0   15:34   WNW
19  16.9  22.4   13:18  13.4   05:36   2.3   0.9   0.6   1.2  12.0   11:19   SSW
20  17.8  21.4   14:14  14.7   00:00   1.4   0.9   0.8   0.7  11.0   21:27     S
21  19.1  23.3   13:14  16.8   04:31   0.3   1.1  10.0   0.9  15.0   12:21   SSW
22  16.5  20.1   16:11  13.5   06:39   1.9   0.2  15.0   0.2  10.0   21:49   WSW
23  17.1  21.1   12:05  13.2   06:39   1.8   0.6   4.6   2.0  19.0   16:37   ESE
24  15.2  20.5   14:43  10.8   06:29   3.3   0.2   0.2   0.4  11.0   22:48   WSW
25  15.1  18.2   16:24  11.8   07:12   3.2   0.0   0.6   3.0  19.0   14:46     W
26  15.7  19.4   15:29  13.0   06:55   2.7   0.1   0.4   2.6  23.0   12:17   WSW
27  14.3  17.8   17:12  10.7   06:15   4.0   0.0   0.4   3.1  27.0   12:18   WSW
28  14.6  18.4   16:15  10.7   06:05   3.7   0.0   0.0   2.5  22.0   13:43   WSW
29  14.8  18.8   16:05  12.1   07:22   3.5   0.0   1.4   1.8  16.0   14:06   WSW
30  15.1  20.1   14:19  10.4   06:48   3.5   0.3   0.0   0.3   7.0   00:15   WSW
31  12.8  14.6   14:17  11.1   23:45   5.5   0.0   3.6   0.1   7.0   11:44     W
----------------------------------------------------------------------------------
    15.3  23.3     5     5.2    16   101.9   9.2  72.8   1.3  27.0     4     WSW

Max >=  27.0:  0
Max <=   0.0:  0
Min <=   0.0:  0
Min <= -18.0:  0
Max Rain: 15.0 on day 22
Days of Rain: 21 (>= 0.2 mm)  8 (>= 2.0 mm)  0 (>= 20.0 mm)
Heat Base: 18.3  Cool Base: 18.3  Method: Integration
:now::gauges::today::yesterday::this month::this year::records::monthly records::trends::NOAA records::forum:


Page updated 24/05/2018 17:51:24
powered by Cumulus v3.0.0 (3042)