Spring weather

 Latitude N 54° 47' 06"    Longitude W 01° 35' 42"    Elevation 102 m

NOAA Style Reports for Spring Weather


Report for 2015 Nov
                   Monthly Climatological Summary for Nov 2015

Name: Spring weather   City: Durham   State: Co Durham
Elevation: 102 m  Lat: N 54 47 06   Lon: W 001 35 42

                  Temperature (C), Rain (mm), Wind Speed (mph)

                                      Heat  Cool        Avg
    Mean                              Deg   Deg         Wind                 Dom
Day Temp  High   Time   Low    Time   Days  Days  Rain  Speed High   Time    Dir
----------------------------------------------------------------------------------
 1  12.4  18.0   14:53   8.4   23:58   5.9   0.0   0.2   0.3   8.0   11:15   WSW
 2   8.2  10.1   13:00   6.0   05:23  10.1   0.0   0.2   0.7   8.0   09:03    SW
 3   7.2   8.5   23:23   5.8   04:09  11.1   0.0   0.2   0.6   8.0   11:44    SW
 4   9.6  11.2   14:46   8.3   00:00   8.7   0.0   0.2   0.1   8.0   19:44    SW
 5  11.0  15.6   16:04   8.7   02:31   7.3   0.0   0.8   0.0  22.0   16:01    SW
 6  12.6  15.4   16:00   9.6   22:30   5.7   0.0   0.4   1.3  22.0   16:30     N
 7  10.3  12.1   14:30   8.0   23:00   8.0   0.0   8.4   1.1  15.0   19:30   NNE
 8   9.1  12.8   16:58   6.3   23:43   9.0   0.0   4.8   3.5  28.0   16:53    SW
 9  12.7  16.4   22:51   6.4   00:53   5.6   0.0   0.2   7.1  38.0   11:12   WSW
10  15.3  16.2   00:00  14.1   23:54   3.0   0.0   0.0   7.3  29.0   03:30   WNW
11  13.0  14.6   09:52   8.3   23:55   5.4   0.0   1.8   4.8  27.0   06:55     W
12  10.4  13.8   19:09   7.9   00:22   7.9   0.0   7.4  ----  35.0   19:37    SW
13   6.3   8.3   00:50   4.4   08:45  12.0   0.0   6.6  ----  29.0   03:28   WSW
14   7.2   8.3   11:53   6.2   04:48  11.1   0.0  14.2  ----  23.0   02:22   WSW
15  13.6  15.9   11:44   7.3   02:09   4.7   0.0   3.8  ----  26.0   06:03   WSW
16   8.8  14.2   01:37   6.4   22:14   9.5   0.0   0.2  ----  32.0   03:04   WSW
17   7.3  11.5   18:19   4.2   06:33  11.0   0.0   6.2  ----  19.0   17:26   WSW
18   8.4  10.8   13:30   5.3   05:39   9.9   0.0   9.6  ----  36.0   23:01   WSW
19   8.7  10.6   11:29   6.7   22:46   9.6   0.0   0.0  ----  35.0   01:49     W
20   5.7   8.1   13:06   2.5   23:43  12.6   0.0   0.0  ----  21.0   11:34     W
21   1.6   4.7   03:47  -1.6   23:52  16.7   0.0   5.8  ----  25.0   01:01   WNW
22   2.1   5.7   13:47  -1.9   00:37  16.1   0.0   3.2  ----  10.0   16:18   WNW
23   4.1   8.8   23:36   0.0   03:18  14.2   0.0   5.6  ----  19.0   18:42   WSW
24   7.0   9.0   12:43   5.2   23:47  11.3   0.0   0.0  ----  15.0   12:44     W
25   6.4   9.2   13:20   4.8   06:12  11.9   0.0   0.0  ----  15.0   01:04   WNW
26   8.7  12.7   15:10   4.1   07:21   9.6   0.0   0.0  ----  12.0   12:49   WSW
27   9.1  12.1   02:42   3.6   23:58   9.2   0.0   1.8  ----  23.0   15:29   WSW
28   5.3   7.1   11:29   3.3   05:46  13.0   0.0   3.0  ----  23.0   09:04   WSW
29   6.2  10.6   12:48   3.2   21:13  12.1   0.0   6.0  ----  44.0   13:10     W
30   3.8   5.8   04:22   1.4   20:47  14.5   0.0   5.6  ----  22.0   03:45     W
----------------------------------------------------------------------------------
     8.4  18.0     1    -1.9    22   296.7   0.0  96.2   2.3  44.0    29       W

Max >=  27.0:  0
Max <=   0.0:  0
Min <=   0.0:  3
Min <= -18.0:  0
Max Rain: 14.2 on day 14
Days of Rain: 24 (>= 0.2 mm)  14 (>= 2.0 mm)  0 (>= 20.0 mm)
Heat Base: 18.3  Cool Base: 18.3  Method: Integration
:now::gauges::today::yesterday::this month::this year::records::monthly records::top 10::trends::NOAA records::garden::forum:


Page updated 15/11/2018 17:15:10
powered by Cumulus v3.0.0 (3042)