Spring weather

 Latitude N 54° 47' 06"    Longitude W 01° 35' 42"    Elevation 102 m

NOAA Style Reports for Spring Weather


Report for 2016 Aug
                   Monthly Climatological Summary for Aug 2016

Name: Spring weather   City: Durham   State: Co Durham
Elevation: 102 m  Lat: N 54 47 06   Lon: W 001 35 42

                  Temperature (C), Rain (mm), Wind Speed (mph)

                                      Heat  Cool        Avg
    Mean                              Deg   Deg         Wind                 Dom
Day Temp  High   Time   Low    Time   Days  Days  Rain  Speed High   Time    Dir
----------------------------------------------------------------------------------
 1  15.2  19.6   14:30   9.2   05:00   3.3   0.1   0.0   0.8  12.0   12:00   NNE
 2  15.1  17.3   13:00   9.3   05:30   3.2   0.0   0.2   0.3  10.0   12:30     N
 3  17.1  20.7   15:00  15.3   00:00   1.5   0.3   2.2   3.3  26.0   16:00     N
 4  16.7  20.6   17:30  14.4   05:00   1.9   0.3   0.8   2.9  18.0   00:30   NNE
 5  16.3  20.3   16:30  13.0   05:30   2.4   0.5   0.0   0.9  13.0   14:30   NNE
 6  17.2  22.7   15:30  10.2   06:00   2.3   1.2   0.0   1.7  19.0   15:30   NNE
 7  17.1  19.2   12:30  12.5   00:00   1.2   0.1   3.8   5.2  29.0   13:30   NNE
 8  14.8  19.0   15:30  10.6   00:00   3.6   0.0   0.2   4.6  23.0   03:30   NNE
 9  11.9  17.1   12:30   8.3   04:30   6.4   0.0   3.2   1.2  15.0   14:00   NNE
10  12.4  17.6   14:00   7.5   06:00   5.9   0.0   3.0   0.6  11.0   16:00   NNE
11  15.8  19.6   16:30  11.6   01:00   2.5   0.1   3.0   2.6  23.0   11:00   NNE
12  17.2  18.8   14:30  16.1   08:00   1.1   0.0   3.0   3.8  23.0   12:00   WSW
13  16.7  20.4   15:31  14.2   23:58   1.7   0.2   0.0   2.9  21.0   00:00     W
14  15.5  18.0   16:26  13.4   05:30   2.8   0.0   0.0   0.8  10.0   08:18   WNW
15  16.2  21.9   15:00  11.6   06:30   2.8   0.8   0.0   0.7  11.0   15:00    SE
16  16.1  23.4   15:00   9.9   05:30   3.3   1.0   0.0   0.6  11.0   14:00   SSE
17  15.0  15.7   21:21  12.4   00:00   0.4   0.0   0.0   0.2   4.0   21:29     S
18  16.1  21.8   13:00  11.4   06:00   2.8   0.6   0.0   0.9  12.0   16:00   ESE
19  14.6  17.7   12:25  12.3   02:00   3.1   0.0   5.6   0.6  10.0   22:11   SSE
20  15.7  18.3   12:58  14.3   01:51   1.6   0.0   5.0   1.8  22.0   17:54   SSW
21  16.6  20.9   16:30  13.7   23:59   2.0   0.2   0.4   1.5   8.0   12:30   WSW
22  17.7  23.8   18:00  13.7   00:30   1.6   1.0   5.4   0.4   6.3   15:30    NW
23  17.7  24.6   16:00  12.4   03:00   2.3   1.7   1.0   0.1   4.0   13:00    SE
24  18.1  23.7   14:30  14.4   23:59   1.4   1.2   0.0   0.4   8.0   18:00    SE
25  14.9  15.9   13:23  13.9   04:30   3.3   0.0   6.2   0.0   3.0   00:49   ---
26  16.1  20.0   16:30  12.5   00:00   2.5   0.2   1.4   2.2  20.0   12:30   WSW
27  15.4  21.4   13:30   8.4   06:30   3.6   0.7   0.0   0.6  10.0   12:00    SE
28  14.3  17.1   18:30  11.4   00:00   4.0   0.0   8.8   0.0   8.0   16:00    NW
29  14.6  20.9   15:35   7.8   05:30   4.1   0.5   0.2   1.2  10.0   09:49     W
30  17.2  21.7   17:15  12.1   05:28   2.0   0.9   0.0   1.6  17.0   14:30   WSW
31  17.0  21.1   13:16  13.8   23:59   1.6   0.3   0.0   2.5  18.0   10:50   WSW
----------------------------------------------------------------------------------
    15.9  24.6    23     7.5    10    82.2  11.9  53.4   1.5  29.0     7     NNW

Max >=  27.0:  0
Max <=   0.0:  0
Min <=   0.0:  0
Min <= -18.0:  0
Max Rain: 8.8 on day 28
Days of Rain: 18 (>= 0.2 mm)  11 (>= 2.0 mm)  0 (>= 20.0 mm)
Heat Base: 18.3  Cool Base: 18.3  Method: Integration
:now::gauges::today::yesterday::this month::this year::records::monthly records::top 10::trends::NOAA records::garden::forum:


Page updated 13/11/2018 19:05:05
powered by Cumulus v3.0.0 (3042)