Spring weather

 Latitude N 54° 47' 06"    Longitude W 01° 35' 42"    Elevation 102 m

NOAA Style Reports for Spring Weather


Report for 2017 May
                   Monthly Climatological Summary for May 2017

Name: Spring weather   City: Duham   State: Co Durham
Elevation: 102 m  Lat: N 54 47 06   Lon: W 001 35 42

                  Temperature (C), Rain (mm), Wind Speed (mph)

                                      Heat  Cool        Avg
    Mean                              Deg   Deg         Wind                 Dom
Day Temp  High   Time   Low    Time   Days  Days  Rain  Speed High   Time    Dir
----------------------------------------------------------------------------------
01  10.3  13.1   11:56   8.7   21:19   8.0   0.0   0.0   1.1  11.0   09:56     E
02   9.5  12.8   13:29   7.7   23:58   8.8   0.0   0.0   0.5   8.0   13:38   ENE
03  10.0  14.5   12:30   6.9   01:38   8.3   0.0   0.0   1.5  15.0   11:14   ENE
04   9.8  14.0   15:06   6.9   00:32   8.5   0.0   0.0   1.4  15.0   15:58     E
05   9.6  13.9   12:19   4.9   05:48   8.7   0.0   0.0   1.0  13.0   14:00     E
06   8.7  12.4   12:26   5.3   03:29   9.6   0.0   0.0   0.6  10.0   13:19   ENE
07   8.5  10.4   17:41   6.7   00:00   9.8   0.0   0.0   1.1  10.0   13:57   NNW
08   8.1  10.6   13:18   6.9   23:02  10.2   0.0   0.0   2.0  13.0   05:48     N
09   9.7  16.2   18:05   6.2   05:01   8.6   0.0   0.0   0.5   8.0   17:26    SW
10   9.7  16.4   14:53   0.9   05:44   8.6   0.0   0.0   0.7  11.0   13:12   WSW
11  10.0  16.6   11:19   2.8   06:02   8.3   0.0   0.0   1.1  16.0   17:44   ESE
12  11.1  13.8   11:22   8.2   00:52   7.2   0.0   0.0   0.1   9.0   11:11   ESE
13  12.7  16.6   16:02   9.9   00:17   5.6   0.0   0.0   2.6  22.0   13:44   WSW
14  13.1  18.1   15:28   8.9   23:59   5.2   0.0   0.8   2.4  18.0   13:34   WSW
15  12.3  16.4   20:25   7.5   04:00   6.0   0.0   1.4   2.2  18.0   13:10   SSW
16  16.0  18.6   13:28  11.9   23:55   2.3   0.0   1.0   3.2  21.0   15:06    SW
17  13.1  15.8   13:50   9.6   23:57   5.2   0.0   0.0   0.8  10.0   10:04   WSW
18  11.9  17.3   13:03   4.6   06:04   6.4   0.0   0.0   0.5   9.0   10:09     W
19   9.8  12.2   14:43   8.3   06:01   8.5   0.0   4.6   0.0   5.0   14:33   ESE
20  11.0  16.1   13:33   8.4   04:23   7.3   0.0   1.0   1.4  18.0   15:15    SW
21  12.3  16.9   18:01   7.5   05:26   6.0   0.0   0.8   0.9  14.0   13:39    SW
22  14.7  22.2   18:01   9.2   03:15   4.1   0.5   0.0   1.3  16.0   13:02   SSW
23  15.3  21.2   15:52   8.6   05:48   3.4   0.4   0.0   1.6  12.0   00:28     W
24  18.9  24.1   12:21  14.0   00:11   1.4   2.0   0.0   1.1  11.0   08:46   WNW
25  18.9  27.2   14:55  11.1   05:01   2.2   2.8   0.0   0.5   9.0   14:42   SSE
26  20.3  27.4   16:26  14.2   05:29   1.1   3.2   0.0   1.1  15.0   15:58   SSE
27  17.2  24.6   11:55  11.4   05:45   2.2   1.1   7.2   0.6  18.0   15:53    SW
28  16.1  20.6   16:59  12.7   23:46   2.5   0.3   0.0   1.8  19.0   07:43     W
29  11.8  12.7   00:00  11.0   07:06   6.5   0.0   2.0   0.1   6.0   03:32    SE
30  14.6  18.6   14:50  10.0   23:58   3.7   0.0   0.2   1.9  17.0   14:49   WSW
31  13.9  21.5   15:14   6.2   05:44   4.8   0.4   0.0   0.7  13.0   16:19     S
----------------------------------------------------------------------------------
    12.5  27.4    26     0.9    10   189.0  10.7  19.0   1.2  22.0    13      SW

Max >=  27.0  2
Max <=   0.0  0
Min <=   0.0  0
Min <= -18.0  0
Max Rain: 7.2 on day 27
Days of Rain: 9 (>= 0.2 mm)  3 (>= 2.0 mm)  0 (>= 20.0 mm)
Heat Base: 18.3  Cool Base: 18.3  Method: Integration
:now::gauges::today::yesterday::this month::this year::records::monthly records::top 10::trends::NOAA records::garden::forum:


Page updated 15/11/2018 16:35:05
powered by Cumulus v3.0.0 (3042)