Spring weather

 Latitude N 54° 47' 06"    Longitude W 01° 35' 42"    Elevation 102 m

NOAA Style Reports for Spring Weather


Report for 2017 Oct
                   Monthly Climatological Summary for Oct 2017

Name: Spring weather   City: Duham   State: Co Durham
Elevation: 102 m  Lat: N 54° 47' 06"   Lon: W 001° 35' 42"

                  Temperature (°C), Rain (mm), Wind Speed (mph)

                                      Heat  Cool        Avg
    Mean                              Deg   Deg         Wind                 Dom
Day Temp  High   Time   Low    Time   Days  Days  Rain  Speed High   Time    Dir
----------------------------------------------------------------------------------
01  10.6  13.2   13:55   9.2   07:51   7.7   0.0   3.6   2.4  14.0   04:13   WNW
02  12.2  15.4   14:23  10.0   00:51   6.1   0.0   4.2   5.1   8.0   00:20   WNW
03  10.3  13.2   12:22   6.9   23:23   8.0   0.0   0.8   3.0   9.0   11:56   WNW
04  10.0  16.2   16:39   3.8   07:12   8.3   0.0   0.2   5.1   8.0   16:44   WNW
05  13.1  17.7   13:59   7.9   03:35   5.2   0.0   0.0   3.3  17.0   13:04    SW
06  13.8  16.6   13:06   8.4   23:30   4.5   0.0   0.0   2.5  12.0   06:47   SSW
07   9.3   9.3   14:20   9.3   23:20   3.2   0.0   0.0   2.0   3.0   10:23   SSW
08  13.2  14.8   17:45   9.3   17:45   1.3   0.0   5.0   5.9   6.0   17:45     W
09  13.2  17.3   14:07  11.3   07:46   5.1   0.0   0.0   1.1  14.0   14:12   WSW
10  13.4  14.9   14:39  11.8   00:00   4.9   0.0   0.0   2.4  18.0   16:22   WSW
11  13.5  15.8   11:42   9.3   23:54   4.8   0.0   2.2   5.1  31.0   08:43   WSW
12  11.4  13.9   23:57   7.5   07:29   6.9   0.0   0.0   3.0  22.0   22:12   WSW
13  16.9  19.6   12:57  13.4   01:18   1.5   0.1   0.4   5.1  30.0   13:49    SW
14  15.7  17.2   13:37  13.6   23:33   2.6   0.0   0.2   3.3  17.0   14:14   WSW
15  14.3  17.1   12:05  12.2   06:21   4.0   0.0   0.0   2.5  20.0   12:38    SW
16  13.2  17.1   17:28  10.1   05:51   5.1   0.0   0.4   2.0  30.0   22:26    SW
17  11.8  13.4   00:00   8.1   23:44   6.5   0.0   0.0   5.9  35.0   02:34   WSW
18  10.3  12.4   14:29   7.7   01:07   8.0   0.0   0.2   0.1   8.0   13:29    SE
19  12.0  13.9   21:41  10.3   04:16   6.3   0.0   8.2   0.5  12.0   13:29   SSE
20  12.8  15.5   16:17   9.9   23:46   5.5   0.0   2.6   0.5  11.0   18:46    SW
21  11.5  13.9   14:19   9.9   00:03   6.8   0.0   5.4   2.7  19.0   13:29     S
22  10.6  12.6   14:45   8.1   23:56   7.7   0.0   0.4   6.5  28.0   14:46     W
23  10.8  14.3   18:38   6.8   03:28   7.5   0.0   0.0   1.1  13.0   18:27    SW
24  13.3  18.6   14:14  11.2   09:24   5.0   0.0   1.2   1.9  18.0   14:38   WSW
25  11.2  14.5   14:14   8.4   06:25   7.1   0.0   2.6   1.5  18.0   12:06   WSW
26  11.0  13.3   14:58   8.9   20:10   7.3   0.0   0.0   1.6  14.0   07:28     W
27   8.8  12.8   13:27   4.8   08:21   9.5   0.0   0.0   2.0  21.0   22:40     W
28  12.8  15.4   12:28   8.4   01:56   5.5   0.0   0.0   6.9  33.0   17:38     W
29   8.4  14.1   00:00   4.1   22:18  10.3   0.0   0.2   2.0  19.0   00:11   WNW
30   5.8   9.4   23:56   1.4   07:53  12.5   0.0   0.0   1.0  10.0   13:16   WSW
31  11.8  13.9   15:21   9.1   00:58   6.5   0.0   1.2   1.8  18.0   14:31   WSW
----------------------------------------------------------------------------------
    11.8  19.6    13     1.4    30   191.2   0.1  39.0   2.9  35.0    17     WSW

Max >=  27.0  0
Max <=   0.0  0
Min <=   0.0  0
Min <= -18.0  0
Max Rain: 8.2 on day 19
Days of Rain: 18 (>= 0.2 mm)  8 (>= 2.0 mm)  0 (>= 20.0 mm)
Heat Base: 18.3  Cool Base: 18.3  Method: Integration


Page updated 27/11/2020 19:20:01
powered by Cumulus v3.9.1 (3096)
Valid HTML Valid CSS