Spring weather

 Latitude N 54° 47' 06"    Longitude W 01° 35' 42"    Elevation 102 m

NOAA Style Reports for Spring Weather


Report for 2018 Feb
                   Monthly Climatological Summary for Feb 2018

Name: Spring weather   City: Duham   State: Co Durham
Elevation: 102 m  Lat: N 54 47 06   Lon: W 001 35 42

                  Temperature (C), Rain (mm), Wind Speed (mph)

                                      Heat  Cool        Avg
    Mean                              Deg   Deg         Wind                 Dom
Day Temp  High   Time   Low    Time   Days  Days  Rain  Speed High   Time    Dir
----------------------------------------------------------------------------------
01   3.9   5.8   13:41   1.8   00:48  14.4   0.0   0.0   5.7  26.0   13:34     W
02   4.2   7.1   13:51  -0.1   22:02  14.1   0.0   0.0   2.3  20.0   00:26   WNW
03   2.4   3.6   15:21   0.4   02:16  15.9   0.0   2.8   0.1   8.0   20:16    NW
04   1.8   4.1   11:33   0.3   06:02  16.5   0.0   2.0   0.0   9.0   13:04     N
05   1.0   2.4   14:15   0.3   02:36  17.3   0.0   0.2   0.1   6.0   12:33   ENE
06   0.6   1.9   15:28  -1.2   23:56  17.7   0.0   1.4   1.2  15.0   18:23   WNW
07  -0.2   2.9   13:30  -2.6   06:02  18.5   0.0   0.2   1.7  10.0   23:02     W
08   5.0   6.8   15:21   2.2   00:00  13.3   0.0   1.4   1.9  14.0   06:37   SSW
09   2.6   5.0   14:51  -0.7   23:06  15.7   0.0   1.2   1.8  17.0   13:51     W
10   3.8   8.7   15:36  -1.1   01:29  14.5   0.0   5.6   1.8  19.0   08:57   SSW
11   2.5   6.5   00:00   0.8   23:35  15.8   0.0   3.2   6.3  24.0   16:36     W
12   2.4   5.2   14:17   0.5   03:43  15.9   0.0   0.0   4.3  21.0   00:59   WSW
13   0.9   2.8   16:45  -2.4   23:59  17.4   0.0   3.2   1.9  17.0   07:45   SSW
14   1.0   3.9   21:20  -2.7   02:27  17.2   0.0   3.0   2.8  24.0   09:45   SSW
15   3.8   5.7   14:00   2.0   20:51  14.5   0.0   1.8   4.2  25.0   14:30   WSW
16   4.2   7.5   13:12   0.9   07:46  14.1   0.0   0.0   2.4  12.0   00:13    SW
17   4.3   8.7   15:35   1.6   23:26  14.0   0.0   0.0   1.8  16.0   01:21    SW
18   4.3   6.9   14:04   0.8   07:54  14.0   0.0   1.2   0.9  10.0   12:19    SW
19   7.2   9.2   13:44   5.6   00:00  11.1   0.0   8.4   0.0   4.0   00:02   SSW
20   6.8   9.3   12:57   4.7   08:02  11.5   0.0   0.2   2.2  17.0   13:00    NW
21   4.5   7.5   13:46   1.3   21:30  13.8   0.0   0.0   0.3   7.0   13:41     N
22   1.9   5.4   13:24  -1.2   08:21  16.4   0.0   0.2   0.4  12.0   12:12     S
23   1.4   5.4   12:54  -1.8   07:22  16.9   0.0   0.0   0.8  13.0   22:35   SSE
24   2.7   7.1   13:27  -0.1   07:00  15.6   0.0   0.0   1.3  16.0   13:37    SE
25   2.2   4.8   13:26   0.5   18:52  16.1   0.0   0.0   1.0  15.0   16:46   ESE
26   0.9   2.2   10:52  -1.1   23:59  17.4   0.0   0.4   0.9  12.0   07:30   ESE
27  -0.8   1.3   13:20  -3.4   23:14  19.1   0.0   2.8   1.0  16.0   21:09     E
28  -3.2  -1.2   13:38  -4.3   20:35  21.5   0.0   0.0   3.0  18.0   20:11     E
----------------------------------------------------------------------------------
     2.6   9.3    20    -4.3    28   440.2   0.0  39.2   1.9  26.0     1     WSW

Max >=  27.0  0
Max <=   0.0  1
Min <=   0.0 13
Min <= -18.0  0
Max Rain: 8.4 on day 19
Days of Rain: 18 (>= 0.2 mm)  8 (>= 2.0 mm)  0 (>= 20.0 mm)
Heat Base: 18.3  Cool Base: 18.3  Method: Integration
:now::gauges::today::yesterday::this month::this year::records::monthly records::top 10::trends::NOAA records::garden::forum:


Page updated 15/11/2018 16:55:06
powered by Cumulus v3.0.0 (3042)