Spring weather

 Latitude N 54° 47' 06"    Longitude W 01° 35' 42"    Elevation 102 m

NOAA Style Reports for Spring Weather


Report for 2018 Mar
                   Monthly Climatological Summary for Mar 2018

Name: Spring weather   City: Duham   State: Co Durham
Elevation: 102 m  Lat: N 54 47 06   Lon: W 001 35 42

                  Temperature (C), Rain (mm), Wind Speed (mph)

                                      Heat  Cool        Avg
    Mean                              Deg   Deg         Wind                 Dom
Day Temp  High   Time   Low    Time   Days  Days  Rain  Speed High   Time    Dir
----------------------------------------------------------------------------------
01  -1.7   0.3   23:47  -3.8   00:00  20.0   0.0   0.2   5.4  25.0   09:40     E
02   0.3   0.7   17:26  -0.1   09:16  18.0   0.0   0.0   4.8  24.0   11:05     E
03   0.4   0.8   15:01  -0.2   08:07  17.9   0.0   0.0   1.8  16.0   00:11   ESE
04   1.9   3.0   23:14   0.6   00:00  16.4   0.0   7.4   0.1   7.0   09:01   ESE
05   3.2   4.6   15:24   1.8   04:01  15.1   0.0  11.0   0.4  12.0   23:08   ESE
06   4.3   5.7   12:24   3.4   01:42  14.0   0.0  10.4   1.2  18.0   04:27    SE
07   4.0   8.4   15:18   0.6   04:15  14.3   0.0   0.2   1.4  16.0   13:35   WSW
08   3.0   8.1   15:15  -1.4   05:35  15.3   0.0   0.2   1.0  12.0   14:42     W
09   4.9   9.9   15:44  -0.2   06:47  13.4   0.0   0.4   1.3  15.0   13:56   WSW
10   6.2   7.6   16:13   4.5   02:00  12.1   0.0   7.6   0.8  14.0   05:02    SE
11   6.1   9.6   14:29   2.2   07:35  12.2   0.0   0.0   0.5   8.0   00:01    SW
12   5.1   5.6   13:15   4.3   21:54  13.2   0.0   6.2   0.4   8.0   13:24   ENE
13   5.5   8.8   14:31   0.8   23:59  12.8   0.0   0.6   0.2   7.0   12:23    NW
14   5.3  10.9   14:52  -1.2   04:32  13.0   0.0   0.2   1.8  20.0   13:56   SSE
15   4.9   6.4   00:20   4.3   16:26  13.4   0.0   4.6   4.3  22.0   09:47   ESE
16   3.5   5.0   00:05   1.9   22:22  14.8   0.0   6.6   4.9  23.0   11:07   ESE
17  -0.2   1.9   00:00  -2.2   18:31  18.5   0.0   0.4   4.3  23.0   10:12     E
18  -0.1   1.3   23:44  -2.1   04:30  18.4   0.0   0.6   3.6  23.0   03:54     E
19   3.0   5.8   11:13   1.2   00:00  15.3   0.0   1.4   1.9  15.0   10:58    NE
20   4.2   8.6   14:28  -1.1   23:56  14.1   0.0   0.0   1.0  10.0   09:54    NW
21   5.3   9.1   22:25  -1.7   01:31  13.0   0.0   0.2   4.3  24.0   23:44     W
22   8.4  12.1   14:42   5.7   23:30  10.1   0.0   0.4   4.3  27.0   00:17   WSW
23   7.1  10.6   14:30   5.2   03:00  11.2   0.0   1.6   4.4  29.0   10:30    SW
24   6.9  11.8   16:30   3.9   00:00  11.4   0.0   0.2   0.6   8.0   17:00     W
25   6.2  11.6   16:30   0.7   06:00  12.1   0.0   0.0   2.3  16.0   17:00     W
26   5.8  10.6   15:00   0.9   06:30  12.5   0.0   0.0   1.5  11.0   13:30     W
27   6.5  11.1   15:00   4.3   05:00  11.8   0.0   4.6   2.9  18.0   16:30   WSW
28   5.4   9.1   16:00   2.3   23:00  12.9   0.0   0.0   2.5  17.0   16:30     W
29   3.7   9.0   13:20  -1.7   07:00  14.3   0.0   0.0   0.7   9.0   14:46   ESE
30   5.0   7.8   15:17   2.2   06:03  13.3   0.0   2.6   1.3  13.0   02:15     E
31   3.5   4.3   00:00   2.3   06:02  14.8   0.0  11.2   1.8  12.0   19:31    NE
----------------------------------------------------------------------------------
     4.1  12.1    22    -3.8     1   439.6   0.0  78.8   2.2  29.0    23      SE

Max >=  27.0  0
Max <=   0.0  0
Min <=   0.0 11
Min <= -18.0  0
Max Rain: 11.2 on day 31
Days of Rain: 23 (>= 0.2 mm)  10 (>= 2.0 mm)  0 (>= 20.0 mm)
Heat Base: 18.3  Cool Base: 18.3  Method: Integration
:now::gauges::today::yesterday::this month::this year::records::monthly records::top 10::trends::NOAA records::garden::forum:


Page updated 15/11/2018 16:35:05
powered by Cumulus v3.0.0 (3042)