Spring weather

 Latitude N 54° 47' 06"    Longitude W 01° 35' 42"    Elevation 102 m

NOAA Style Reports for Spring Weather


Report for 2018 May
                   Monthly Climatological Summary for May 2018

Name: Spring weather   City: Duham   State: Co Durham
Elevation: 102 m  Lat: N 54 47 06   Lon: W 001 35 42

                  Temperature (C), Rain (mm), Wind Speed (mph)

                                      Heat  Cool        Avg
    Mean                              Deg   Deg         Wind                 Dom
Day Temp  High   Time   Low    Time   Days  Days  Rain  Speed High   Time    Dir
----------------------------------------------------------------------------------
01   8.2  14.1   15:26   0.4   02:43  10.1   0.0   0.0   3.4  22.0   13:48   WSW
02   9.2  12.7   15:08   6.6   23:41   9.1   0.0   1.8   4.7  24.0   13:55   WSW
03   9.7  15.2   13:28   3.9   04:54   8.3   0.0   0.0   3.4  17.0   14:06   WSW
04  14.5  20.5   16:08   9.4   01:42   2.0   0.2   0.0   2.5  13.0   09:23   WSW
05  15.3  23.1   16:41   6.1   06:17   2.0   0.5   0.0   2.0  16.0   14:50   WSW
06  17.1  25.1   14:57   7.4   05:59   1.6   1.0   0.0   1.0  11.0   16:56     S
07  18.5  27.1   16:57   9.1   06:04   1.3   1.4   0.0   0.7  12.0   17:02   SSW
08  15.9  22.4   12:19   9.8   23:52   1.5   0.4   0.8   1.4  15.0   16:34   WSW
09  10.9  16.3   11:36   4.9   05:53   3.5   0.0   1.8   1.8  16.0   15:29   WSW
10  10.7  15.6   17:06   6.4   06:30   3.6   0.0   1.2   2.2  18.0   10:57   WSW
11  11.2  16.9   15:50   4.1   03:31   3.3   0.0   0.0   1.4  18.0   12:07   SSE
12  12.3  16.3   13:34   9.0   06:36   2.8   0.0   1.2   0.4  10.0   00:24   SSE
13  12.5  18.1   17:56   8.1   00:01   2.7   0.0   7.4   1.0  12.0   11:27   WNW
14  12.0  19.4   13:19   3.4   05:00   2.9   0.0   0.0   0.3   8.0   15:08   SSW
15  14.1  21.8   13:20   5.0   04:55   2.2   0.3   0.0   0.6  10.0   15:29     W
16   9.8  13.7   00:01   4.4   23:57   3.9   0.0   2.8   1.0  11.0   10:23    SW
17   8.8  14.3   14:33   2.5   05:03   4.4   0.0   0.0   0.5  10.0   13:14   SSE
18  10.4  18.2   16:47   1.0   05:15   3.7   0.0   0.0   0.3   8.0   16:44     S
19  14.5  23.0   16:30   4.1   05:41   2.3   0.5   0.0   0.7  12.0   17:30   SSW
20  16.3  23.5   16:54   8.4   05:54   1.5   0.5   0.0   0.5  10.0   12:34   SSW
21  15.8  23.2   13:34   8.9   05:51   1.7   0.5   0.0   0.8   9.0   11:07   SSE
22  10.1  12.2   15:18   8.6   04:59   3.8   0.0   0.2   0.8  12.0   10:33   WNW
23  10.4  13.4   16:19   9.0   23:18   3.5   0.0   0.0   0.1   7.0   03:05     S
24  11.2  15.8   14:54   8.3   04:22   4.3   0.0   0.0   0.4   7.0   12:15   SSE
25  11.4  15.3   12:30   8.8   06:30   6.9   0.0   5.2   0.2   9.0   06:00   ESE
26  13.6  18.3   14:30  10.9   01:30   4.7   0.0   0.2   0.5   8.0   01:30   WSW
27  15.8  21.5   14:00  10.9   05:00   3.3   0.7   0.0   0.4   8.0   15:00    SE
28  16.1  21.4   15:30  12.8   06:00   2.8   0.7   0.0   0.2   7.0   14:00   SSE
29  13.3  14.9   17:00  11.8   09:30   5.0   0.0   0.0   0.0   7.0   20:00   WSW
30  12.9  13.9   10:30  11.7   02:00   5.4   0.0   0.4   0.1   8.0   08:30   WNW
31  17.4  24.6   15:30  12.2   01:30   2.4   1.5   0.2   0.5   8.0   16:30     S
----------------------------------------------------------------------------------
    12.9  27.1     7     0.4     1   116.5   8.2  23.2   1.2  24.0     2      SW

Max >=  27.0  1
Max <=   0.0  0
Min <=   0.0  0
Min <= -18.0  0
Max Rain: 7.4 on day 13
Days of Rain: 12 (>= 0.2 mm)  3 (>= 2.0 mm)  0 (>= 20.0 mm)
Heat Base: 18.3  Cool Base: 18.3  Method: Integration
:now::gauges::today::yesterday::this month::this year::records::monthly records::top 10::trends::NOAA records::garden::forum:


Page updated 15/11/2018 16:35:05
powered by Cumulus v3.0.0 (3042)