Spring weather

 Latitude N 54° 47' 06"    Longitude W 01° 35' 42"    Elevation 102 m

NOAA Style Reports for Spring Weather

Select a Year or Month report

Report for 2019 Apr
                   Monthly Climatological Summary for Apr 2019

Name: Spring weather   City: Duham   State: Co Durham
Elevation: 102 m  Lat: N 54 47 06   Lon: W 001 35 42

                  Temperature (C), Rain (mm), Wind Speed (mph)

                                      Heat  Cool        Avg
    Mean                              Deg   Deg         Wind                 Dom
Day Temp  High   Time   Low    Time   Days  Days  Rain  Speed High   Time    Dir
----------------------------------------------------------------------------------
01   4.9   9.5   14:51  -1.8   04:31  13.4   0.0   0.0   2.0  19.0   10:32   SSW
02   5.2   9.6   13:40   0.8   23:59  13.1   0.0   7.4   1.3  12.0   00:31   WNW
03   3.5   8.3   15:41   0.1   00:54  14.8   0.0   9.6   1.4  13.0   03:56   WSW
04   5.1   8.4   15:04   1.3   03:34  13.2   0.0   2.8   2.1  17.0   15:27   ESE
05   8.0  12.9   12:14   4.3   05:01  10.3   0.0   0.0   1.8  17.0   11:18   ESE
06   6.6   8.6   12:41   3.9   04:36  11.7   0.0   0.0   0.1   7.0   08:21     S
07   7.5  11.1   14:19   6.5   05:27  10.8   0.0   0.4   0.6   9.0   19:17     N
08   6.7   7.8   17:20   5.9   21:21  11.6   0.0   0.0   1.0  11.0   07:00     N
09   6.6   9.6   13:13   2.3   23:58  11.7   0.0   0.0   1.0  15.0   10:42     E
10   4.3   9.6   12:05  -0.4   05:08  14.0   0.0   0.0   0.8  15.0   15:31   ESE
11   5.3  12.7   16:34  -2.3   03:52  13.0   0.0   0.0   1.4  15.0   09:00   SSW
12   5.2   9.6   12:19   0.9   23:06  13.1   0.0   0.0   1.0  11.0   15:34    SE
13   4.0   8.5   12:22  -0.3   02:40  14.3   0.0   0.0   1.7  17.0   10:54   ESE
14   4.6   9.2   13:30  -0.7   06:09  13.7   0.0   0.0   1.8  16.0   12:34   ESE
15   6.6  11.1   13:51   1.4   03:39  11.7   0.0   0.0   2.5  19.0   13:31   ESE
16   8.0  10.9   14:16   6.3   00:02  10.3   0.0   0.0   1.6  15.0   14:31   ESE
17   8.9  13.3   13:15   6.4   03:19   9.4   0.0   0.0   0.6   9.0   11:50     E
18   9.8  16.0   11:40   5.2   23:50   8.5   0.0   0.0   0.5  10.0   11:28     E
19  11.0  20.4   13:06   3.1   03:49   7.5   0.2   0.0   0.4   8.0   14:18   ESE
20  15.1  24.3   15:07   4.9   05:15   4.8   1.6   0.0   0.7  10.0   13:08     S
21  16.0  23.8   14:42   8.6   05:10   3.7   1.4   0.0   1.8  16.0   13:28   SSW
22  13.4  20.5   14:14   7.2   05:44   5.2   0.3   0.0   0.9  13.0   10:04    SE
23   9.6  14.5   11:57   6.2   05:17   8.7   0.0   0.0   0.6  11.0   17:03   ESE
24   9.6  12.5   16:11   6.5   01:13   8.7   0.0   0.0   0.6  11.0   21:54    SE
25   9.5  12.6   16:57   6.3   05:37   8.8   0.0   2.8   0.7  13.0   18:03    SE
26   8.9  14.3   11:18   4.6   04:48   9.4   0.0   0.0   1.9  19.0   10:58   SSW
27   7.9   9.8   12:01   5.6   23:52  10.4   0.0   0.0   0.7  13.0   00:34     S
28   8.9  14.4   14:50   4.8   23:57   9.4   0.0   0.0   0.8  12.0   01:07   WNW
29   8.4  14.6   16:29   2.8   03:17   9.9   0.0   0.0   0.4  12.0   13:15    SE
30  11.0  18.2   14:47   5.0   06:44   7.3   0.0   0.0   1.2  10.0   15:40   SSW
----------------------------------------------------------------------------------
     8.0  24.3    20    -2.3    11   312.4   3.5  23.0   1.1  19.0     1      SE

Max >=  27.0  0
Max <=   0.0  0
Min <=   0.0  5
Min <= -18.0  0
Max Rain: 9.6 on day 3
Days of Rain: 5 (>= 0.2 mm)  4 (>= 2.0 mm)  0 (>= 20.0 mm)
Heat Base: 18.3  Cool Base: 18.3  Method: Integration
:now::gauges::today::yesterday::this month::this year::records::monthly records::top 10::trends::NOAA records::garden::forum:


Page updated 16/07/2019 09:30:02
powered by Cumulus v3.0.0 (3048)