Spring weather

 Latitude N 54° 47' 06"    Longitude W 01° 35' 42"    Elevation 102 m

NOAA Style Reports for Spring Weather


Report for 2020 Feb
                   Monthly Climatological Summary for Feb 2020

Name: Spring weather   City: Duham   State: Co Durham
Elevation: 102 m  Lat: N 54° 47' 06"   Lon: W 001° 35' 42"

                  Temperature (°C), Rain (mm), Wind Speed (mph)

                                      Heat  Cool        Avg
    Mean                              Deg   Deg         Wind                 Dom
Day Temp  High   Time   Low    Time   Days  Days  Rain  Speed High   Time    Dir
----------------------------------------------------------------------------------
01   8.3  10.1   00:00   5.4   23:59  10.0   0.0   0.0   7.4  30.0   00:30   WSW
02   6.4   9.3   15:18   4.0   04:23  11.9   0.0   0.8   2.4  20.0   16:24   WSW
03   6.6   8.8   03:44   3.2   23:05  11.7   0.0   0.4   8.5  34.0   06:58     W
04   5.5   9.8   12:27  -0.2   23:56  12.8   0.0   0.0   4.9  31.0   02:28     W
05   3.3   7.4   11:36  -0.6   00:28  15.0   0.0   0.0   0.6  10.0   14:04   WSW
06   2.9   9.1   13:53  -0.8   04:23  15.4   0.0   0.0   0.1   6.0   16:06    SW
07   3.1   6.2   23:54   1.1   07:16  15.2   0.0   0.2   3.0  18.0   12:09   SSW
08   5.2   9.2   14:14   1.1   07:16  13.1   0.0   0.2   7.0  35.0   03:17    SW
09   8.4  11.3   09:40   6.2   15:20   9.9   0.0  24.2   7.9  32.0   13:03    SW
10   4.7   6.7   00:06   2.4   20:56  13.6   0.0   1.0   8.5  33.0   23:06   WSW
11   3.8   5.4   13:53   1.8   20:16  14.5   0.0   3.0  10.5  36.0   12:41     W
12   3.5   6.4   13:13  -0.4   23:55  14.8   0.0   0.0   6.5  31.0   01:32     W
13   3.5   5.4   20:06  -0.3   00:00  14.8   0.0   6.0   0.5  10.0   05:54   WNW
14   5.7   9.2   18:36   1.9   03:22  12.6   0.0   0.4   2.9  21.0   11:44    SW
15   7.9  11.3   15:25   4.2   04:26  10.4   0.0  13.0   4.8  33.0   21:10    SW
16   6.6   9.0   02:28   4.2   18:09  11.7   0.0  16.8   9.1  37.0   06:11   WSW
17   6.4  10.0   12:33   3.6   21:07  11.9   0.0   0.2   9.4  41.0   04:24   WSW
18   4.9   8.2   11:52   3.1   18:03  13.4   0.0   0.8   6.3  24.0   11:54   WSW
19   5.6   9.3   23:58   3.3   05:49  12.7   0.0   0.0   4.6  23.0   02:57   WSW
20   7.4   9.8   04:12   3.2   16:29  10.9   0.0   0.4   6.8  29.0   16:10   WSW
21   8.1  10.3   14:22   4.3   02:08  10.2   0.0   1.6   8.8  36.0   11:45   WSW
22   6.4  10.0   00:13   3.2   14:11  11.9   0.0   6.8   8.7  36.0   00:46   WSW
23   4.9   7.2   14:34   3.5   09:35  13.4   0.0   2.6   4.9  30.0   13:50     W
24   3.6   9.1   15:19   0.6   07:30  14.7   0.0  14.4   4.3  30.0   19:02     W
25   3.6   6.8   13:41  -0.3   23:59  14.7   0.0   0.0   3.6  25.0   00:45     W
26   3.0   6.9   14:17  -0.4   00:02  15.3   0.0   0.0   3.5  20.0   11:01     W
27   3.3   6.4   14:19   0.8   07:09  15.0   0.0   0.0   4.1  26.0   14:34     W
28   4.2   9.2   21:17   1.9   01:12  14.1   0.0   2.0   2.8  21.0   15:02   SSW
29   6.3   9.6   04:36   1.8   20:23  12.0   0.0   5.8   6.1  36.0   23:50    SW
----------------------------------------------------------------------------------
     5.3  11.3     9    -0.8     6   377.6   0.0 100.6   5.5  41.0    17     WSW

Max >=  27.0  0
Max <=   0.0  0
Min <=   0.0  7
Min <= -18.0  0
Max Rain: 24.2 on day 9
Days of Rain: 20 (>= 0.2 mm)  10 (>= 2.0 mm)  1 (>= 20.0 mm)
Heat Base: 18.3  Cool Base: 18.3  Method: Integration


Page updated 25/11/2020 16:55:00
powered by Cumulus v3.9.1 (3096)
Valid HTML Valid CSS