Spring weather

 Latitude N 54° 47' 06"    Longitude W 01° 35' 42"    Elevation 102 m

NOAA Style Reports for Spring Weather


Report for 2020 Mar
                   Monthly Climatological Summary for Mar 2020

Name: Spring weather   City: Duham   State: Co Durham
Elevation: 102 m  Lat: N 54° 47' 06"   Lon: W 001° 35' 42"

                  Temperature (°C), Rain (mm), Wind Speed (mph)

                                      Heat  Cool        Avg
    Mean                              Deg   Deg         Wind                 Dom
Day Temp  High   Time   Low    Time   Days  Days  Rain  Speed High   Time    Dir
----------------------------------------------------------------------------------
01   4.9   7.7   12:11   1.9   23:54  13.4   0.0   0.4   8.5  33.0   06:32   WSW
02   3.5   8.2   13:55   0.4   06:34  14.8   0.0   0.0   2.5  17.0   14:20   WSW
03   4.1   9.6   14:28  -0.2   06:39  14.2   0.0   0.2   2.5  17.0   16:29     W
04   3.2   8.2   15:52  -0.7   06:51  15.1   0.0   0.0   0.3   9.0   10:49    SW
05   2.2   8.8   13:09  -1.9   07:12  16.1   0.0   0.2   0.3   6.0   14:28   SSW
06   2.9  10.0   15:16  -2.8   06:26  15.4   0.0   0.0   0.8   9.0   16:39    SW
07   8.0  12.4   15:52   1.4   01:22  10.3   0.0   0.6   5.4  34.0   18:07    SW
08   7.9  10.4   13:50   4.3   23:33  10.4   0.0   3.0   4.7  25.0   14:51   WSW
09   6.4  10.7   12:13   3.3   07:05  11.9   0.0   2.0   3.6  25.0   16:48   WSW
10   9.6  12.4   12:41   6.0   22:54   8.7   0.0   0.4   7.5  30.0   12:56     W
11   6.8  10.8   11:19   3.1   23:58  11.5   0.0   8.2   6.1  38.0   10:45   WSW
12   4.9   7.9   14:04   2.1   05:56  13.4   0.0   2.2   8.9  42.0   13:02   WSW
13   4.7   7.2   14:53   2.2   04:39  13.6   0.0   1.6   1.6  15.0   00:10   WNW
14   7.2  10.3   15:39   3.8   00:00  11.1   0.0   0.0   3.2  26.0   18:16   SSW
15   8.2  10.2   14:31   5.8   22:27  10.1   0.0   1.2   6.2  34.0   02:23   WSW
16   6.1  10.1   12:28   0.8   05:41  12.2   0.0   0.0   4.0  29.0   18:13    SW
17  10.6  13.0   19:10   7.8   00:00   7.7   0.0   0.4   6.0  29.0   19:55   WSW
18   7.0  11.0   00:00   3.8   23:50  11.3   0.0   0.0   2.9  16.0   12:01     W
19   5.1   9.9   13:26   1.0   06:04  13.2   0.0   0.0   0.6  10.0   09:18   WNW
20   3.9   8.4   13:23  -0.9   06:32  14.4   0.0   0.2   0.7  12.0   13:33   ENE
21   5.0   8.2   11:14   2.4   03:54  13.3   0.0   0.2   1.9  19.0   13:14   ESE
22   6.1  11.3   15:10   2.3   23:15  12.2   0.0   0.0   1.1  14.0   22:42     S
23   6.0  12.3   15:51   0.7   04:27  12.3   0.0   0.0   3.4  21.0   16:49   SSW
24   8.9  15.2   16:28   2.3   06:32   9.4   0.0   0.0   2.3  22.0   01:52    SW
25  11.8  17.5   14:24   5.6   23:56   6.5   0.0   0.0   1.4  15.0   02:36    SW
26   7.4  14.1   12:40   2.2   05:35  10.9   0.0   0.0   0.4   9.0   13:21   ENE
27   5.7  11.0   13:51   0.8   05:21  12.6   0.0   0.0   0.8   8.0   15:13    NE
28   5.9   8.7   12:36   2.8   20:22  12.4   0.0   0.4   2.3  15.0   11:32   NNE
29   4.0   5.4   17:53   2.5   06:32  13.7   0.0   0.4   1.9  14.0   07:56   NNE
30   7.0  10.4   13:38   4.6   06:24  11.3   0.0   0.0   2.4  16.0   14:20   NNW
31   6.7   8.9   16:12   4.9   08:26  11.6   0.0   5.4   0.1   6.0   00:02    NW
----------------------------------------------------------------------------------
     6.2  17.5    25    -2.8     6   375.0   0.0  27.0   3.0  42.0    12     WSW

Max >=  27.0  0
Max <=   0.0  0
Min <=   0.0  5
Min <= -18.0  0
Max Rain: 8.2 on day 11
Days of Rain: 17 (>= 0.2 mm)  5 (>= 2.0 mm)  0 (>= 20.0 mm)
Heat Base: 18.3  Cool Base: 18.3  Method: Integration


Page updated 25/11/2020 16:05:01
powered by Cumulus v3.9.1 (3096)
Valid HTML Valid CSS