Spring weather

 Latitude N 54° 47' 06"    Longitude W 01° 35' 42"    Elevation 102 m

NOAA Style Reports for Spring Weather


Report for 2020 Apr
                   Monthly Climatological Summary for Apr 2020

Name: Spring weather   City: Duham   State: Co Durham
Elevation: 102 m  Lat: N 54° 47' 06"   Lon: W 001° 35' 42"

                  Temperature (°C), Rain (mm), Wind Speed (mph)

                                      Heat  Cool        Avg
    Mean                              Deg   Deg         Wind                 Dom
Day Temp  High   Time   Low    Time   Days  Days  Rain  Speed High   Time    Dir
----------------------------------------------------------------------------------
01   7.5  10.6   16:30   5.3   02:58  10.8   0.0   0.0   3.2  19.0   19:43     W
02   8.4  11.9   13:32   5.4   23:53   9.9   0.0   0.0   6.8  39.0   10:57     W
03   6.3  10.7   16:17   1.5   05:56  12.0   0.0   0.0   2.9  17.0   15:55     W
04   9.3  12.2   14:51   6.1   05:35   9.0   0.0   0.2   2.6  16.0   13:43    SW
05  12.2  19.4   16:44   4.7   06:29   6.2   0.1   0.0   2.4  21.0   13:07   SSW
06  11.9  14.9   12:51   6.3   23:53   6.5   0.0   0.2   5.0  25.0   05:08   WSW
07  10.9  18.9   17:01   4.5   06:45   7.4   0.0   0.0   1.6  15.0   12:52    SW
08  11.9  18.9   15:34   4.7   06:52   6.5   0.0   0.0   1.7  17.0   14:59   WSW
09   8.1  10.8   14:24   6.4   22:32  10.2   0.0   0.0   0.5   8.0   12:40   ESE
10  12.2  18.9   15:46   6.9   01:31   6.2   0.0   0.0   1.6  14.0   07:10   SSW
11  15.4  20.4   14:01   8.5   23:53   3.2   0.4   0.4   2.3  18.0   11:38   WSW
12   9.7  13.2   14:08   5.8   23:41   8.6   0.0   0.2   0.9  11.0   17:33    NE
13   5.1   7.4   13:56  -0.4   23:59  13.2   0.0   0.0   1.2  13.0   10:53   ENE
14   6.5  15.2   14:55  -2.2   05:07  11.8   0.0   0.0   1.0  10.0   13:03   WSW
15  11.2  21.0   17:00   1.5   07:02   7.4   0.3   0.0   0.7  10.0   13:20     W
16   8.9  12.9   13:19   4.9   07:05   9.4   0.0   0.0   1.0  13.0   12:59     E
17   8.0  10.7   13:50   5.7   23:56  10.3   0.0   0.0   1.0  13.0   15:29   ESE
18   7.3  11.3   14:43   4.4   23:47  11.0   0.0   0.0   0.7  10.0   13:56   ESE
19   7.7  13.1   16:00   1.8   03:53  10.6   0.0   0.0   0.9  12.0   13:03   ESE
20   8.4  12.5   13:23   4.4   05:55   9.8   0.0   0.0   1.3  16.0   14:42     E
21   9.2  13.3   13:04   5.6   04:36   9.1   0.0   0.0   1.3  15.0   09:44     E
22   9.8  14.6   13:34   5.8   03:33   8.5   0.0   0.0   0.7   9.0   13:21     E
23  10.3  16.4   13:32   6.8   23:57   8.0   0.0   0.0   0.3   7.0   13:15   SSE
24   9.6  17.5   14:15   2.1   05:55   8.7   0.0   0.0   0.4   9.0   14:58   SSE
25  11.2  19.3   16:48   6.0   05:43   7.1   0.1   0.0   0.9  11.0   12:19   SSW
26  11.2  18.5   11:43   4.9   05:38   7.1   0.0   0.4   0.6  10.0   17:19     W
27   8.8  13.3   15:07   4.2   06:18   9.5   0.0   0.2   0.9   9.0   12:05     W
28   6.9  11.7   11:49   1.9   04:44  11.4   0.0   0.0   0.3   8.0   12:03   ESE
29   7.5   9.7   10:35   5.5   02:49  10.8   0.0   1.0   0.6  12.0   12:54   ESE
30   8.9  13.5   14:24   6.5   00:09   9.4   0.0   1.2   0.9  13.0   11:37    SW
----------------------------------------------------------------------------------
     9.3  21.0    15    -2.2    14   269.6   0.9   3.8   1.5  39.0     2      SW

Max >=  27.0  0
Max <=   0.0  0
Min <=   0.0  2
Min <= -18.0  0
Max Rain: 1.2 on day 30
Days of Rain: 8 (>= 0.2 mm)  0 (>= 2.0 mm)  0 (>= 20.0 mm)
Heat Base: 18.3  Cool Base: 18.3  Method: Integration


Page updated 25/11/2020 17:10:00
powered by Cumulus v3.9.1 (3096)
Valid HTML Valid CSS