weather

 Latitude     Longitude     Elevation 

NOAA Style Reports for  Weather

Select a Year or Month report

Report for 2021 Mar
                   Monthly Climatological Summary for Mar 2021

Name: Spring weather   City: Duham   State: Co Durham
Elevation: 102 m  Lat: N 54° 47' 06"   Lon: W 001° 35' 42"

                  Temperature (°C), Rain (mm), Wind Speed (mph)

                                      Heat  Cool        Avg
    Mean                              Deg   Deg         Wind                 Dom
Day Temp  High   Time   Low    Time   Days  Days  Rain  Speed High   Time    Dir
----------------------------------------------------------------------------------
01   3.4   8.6   15:30  -1.1   06:02  14.9   0.0   0.0   0.2   6.0   13:15   WSW
02   2.7   4.0   01:20   1.4   07:46  15.6   0.0   0.0   0.5   8.0   09:20   WSW
03   2.5   3.7   16:37   1.2   03:53  15.8   0.0   0.0   0.3   6.0   18:41    SW
04   3.5   5.4   10:40   2.2   21:33  14.8   0.0   2.2   0.5   9.0   11:19    NE
05   3.0   4.7   15:32   1.1   07:28  15.3   0.0   0.8   0.1   6.0   08:50    SE
06   2.8   6.9   13:23  -0.3   23:57  15.5   0.0   0.0   1.0  11.0   12:16   WSW
07   4.8  10.3   15:52  -1.4   02:53  13.4   0.0   0.0   1.6  12.0   16:22     W
08   7.3  10.3   14:08   4.7   05:23  11.0   0.0   0.4   3.4  19.0   11:30     W
09   7.9  10.3   12:42   5.7   00:49  10.4   0.0   0.6   2.4  25.0   23:55    SW
10   8.0  11.3   19:26   5.3   02:15  10.3   0.0   7.4   6.1  32.0   18:40    SW
11   7.0   9.6   00:00   3.6   18:42  11.3   0.0   3.4   8.3  38.0   18:06   WSW
12   5.7   8.5   15:04   3.6   06:48  12.6   0.0   0.0   6.3  28.0   14:44   WSW
13   4.9   8.7   13:43   2.2   06:30  13.4   0.0   4.6   4.8  28.0   13:49     W
14   6.3   9.0   12:47   4.3   00:18  12.0   0.0   0.0   5.6  27.0   09:10     W
15   7.3  11.3   14:28   4.2   04:44  11.0   0.0   0.6   1.5  13.0   11:45   WNW
16   9.4  15.5   13:37   3.8   23:33   8.9   0.0   1.0   1.5  16.0   09:04   WNW
17   6.5  12.0   12:32   2.2   04:25  11.8   0.0   0.0   0.9  12.0   11:34     N
18   8.6  14.1   12:45   3.4   01:32   9.7   0.0   0.0   1.2  13.0   23:49     N
19   6.8   8.1   12:07   5.9   05:36  11.5   0.0   0.8   1.2  13.0   00:07     N
20   9.6  14.7   13:44   6.3   06:18   8.7   0.0   0.0   2.1  18.0   17:57     W
21   7.7  12.9   15:33   3.3   23:57  10.6   0.0   0.0   0.2   7.0   02:51   NNW
22   7.2  14.3   14:20   1.0   04:05  11.1   0.0   0.0   1.5  14.0   16:56   WSW
23   8.2  11.4   13:25   5.2   01:00  10.1   0.0   0.0   4.8  28.0   20:28    SW
24   8.7  11.9   14:25   5.6   06:20   9.6   0.0   0.0   4.2  21.0   14:27    SW
25   9.0  13.1   13:37   6.3   04:02   9.3   0.0   0.0   4.4  25.0   15:27    SW
26   7.2   9.8   14:26   3.3   22:24  11.1   0.0   1.2   5.6  27.0   14:56    SW
27   6.4   9.7   12:46   2.2   04:48  11.9   0.0   0.4   5.7  25.0   09:56   WSW
28  11.0  13.7   15:21   7.3   02:34   7.0   0.0   2.2   8.8  33.0   22:49    SW
29  12.1  14.4   13:34  10.9   23:39   6.2   0.0   0.0  10.3  41.0   03:05    SW
30  12.9  19.0   15:10   7.5   06:47   5.4   0.0   0.0   2.9  29.0   00:35    SW
31  12.3  19.9   13:59   6.3   23:31   6.1   0.1   0.2   0.9  11.0   19:25   NNE
----------------------------------------------------------------------------------
     7.1  19.9    31    -1.4     7   346.3   0.1  25.8   3.2  41.0    29     WSW

Max >=  27.0  0
Max <=   0.0  0
Min <=   0.0  3
Min <= -18.0  0
Max Rain: 7.4 on day 10
Days of Rain: 14 (>= 0.2 mm)  5 (>= 2.0 mm)  0 (>= 20.0 mm)
Heat Base: 18.3  Cool Base: 18.3  Method: Integration


Page updated
powered by Cumulus v ()
Valid HTML Valid CSS