weather
Latitude Longitude Elevation
NOAA Style Reports for Weather
Select a Year or Month report
Report for 2022 Nov Monthly Climatological Summary for Nov 2022 Name: Spring weather City: Duham State: Co Durham Elevation: 102 m Lat: N 54° 47' 06" Lon: W 001° 35' 42" Temperature (°C), Rain (mm), Wind Speed (mph) Heat Cool Avg Mean Deg Deg Wind Dom Day Temp High Time Low Time Days Days Rain Speed High Time Dir ---------------------------------------------------------------------------------- 01 10.9 13.4 12:32 8.4 23:06 7.4 0.0 6.8 1.5 20.0 12:01 WSW 02 8.7 11.3 21:29 5.1 07:18 9.6 0.0 4.6 3.2 33.0 21:44 SSW 03 8.1 12.6 13:40 4.8 19:25 10.2 0.0 0.0 1.0 14.0 00:22 SW 04 6.7 11.5 12:24 3.2 06:48 11.6 0.0 0.0 1.8 17.0 12:47 W 05 7.2 10.2 15:19 4.5 00:00 11.1 0.0 1.8 0.8 17.0 13:31 SSW 06 7.0 9.2 17:34 4.9 07:46 11.3 0.0 0.0 0.9 12.0 20:35 SSW 07 10.3 13.8 14:23 5.9 02:56 8.0 0.0 0.0 2.2 22.0 13:00 SSW 08 10.3 12.7 13:42 8.6 08:24 8.0 0.0 2.4 2.6 22.0 18:06 SSW 09 10.1 13.3 13:21 7.9 06:30 8.2 0.0 0.2 2.4 18.0 12:33 WSW 10 14.4 16.3 14:09 11.1 00:17 3.9 0.0 0.0 7.2 37.0 20:16 SW 11 15.4 16.8 12:13 14.4 23:53 2.9 0.0 0.0 7.5 39.0 02:49 SW 12 11.7 14.4 00:00 10.3 19:53 6.6 0.0 0.0 1.2 12.0 05:02 SW 13 10.1 10.8 00:00 9.2 08:34 8.2 0.0 0.0 1.4 12.0 01:29 SSW 14 9.6 10.7 02:02 8.7 16:19 8.7 0.0 0.0 0.5 8.0 04:11 SSW 15 8.7 10.7 14:57 4.8 23:38 9.6 0.0 23.0 0.5 9.0 09:58 S 16 6.8 8.0 19:20 5.1 00:00 11.5 0.0 1.0 0.1 8.0 06:54 SSE 17 9.1 9.9 11:12 7.8 00:00 9.2 0.0 51.6 1.0 16.0 12:19 SE 18 9.0 10.6 13:24 7.6 23:22 9.3 0.0 4.2 1.8 16.0 11:03 W 19 6.5 7.9 01:45 5.3 22:33 11.8 0.0 2.0 0.5 11.0 20:14 S 20 5.2 9.2 12:58 0.6 23:31 13.1 0.0 5.2 0.6 16.0 03:24 SSW 21 2.4 7.6 23:59 -1.6 07:37 15.9 0.0 0.0 0.1 6.0 23:30 SSW 22 6.8 8.9 13:32 2.4 23:05 11.5 0.0 7.0 0.1 7.0 00:40 SSW 23 5.0 8.1 14:12 1.8 01:52 13.3 0.0 4.0 1.0 14.0 10:50 SSW 24 6.4 8.4 15:12 5.2 01:18 11.9 0.0 1.2 2.1 20.0 15:15 SSW 25 8.0 11.4 14:18 5.7 08:42 10.3 0.0 0.4 1.8 15.0 13:57 SW 26 9.1 10.6 20:59 7.4 07:58 9.2 0.0 2.4 2.6 27.0 20:56 SSW 27 8.8 11.2 02:46 5.8 22:50 9.5 0.0 0.0 1.2 19.0 00:29 SW 28 4.2 6.3 00:14 0.0 23:44 14.1 0.0 0.0 0.7 11.0 05:03 SSW 29 1.3 4.4 12:43 -1.3 08:08 17.0 0.0 0.2 0.5 10.0 21:52 SW 30 2.7 3.1 07:50 1.9 01:31 15.6 0.0 0.2 1.4 10.0 14:04 SW ---------------------------------------------------------------------------------- 8.0 16.8 11 -1.6 21 308.5 0.0 118.2 1.7 39.0 11 SW Max >= 27.0 0 Max <= 0.0 0 Min <= 0.0 3 Min <= -18.0 0 Max Rain: 51.6 on day 17 Days of Rain: 18 (>= 0.2 mm) 11 (>= 2.0 mm) 2 (>= 20.0 mm) Heat Base: 18.3 Cool Base: 18.3 Method: Integration |
Page updated
powered by
Cumulus v ()
Valid HTML
Valid CSS