weather
Latitude Longitude Elevation
NOAA Style Reports for Weather
Select a Year or Month report
Report for 2023 Feb Monthly Climatological Summary for Feb 2023 Name: Spring weather City: Duham State: Co Durham Elevation: 102 m Lat: N 54° 47' 06" Lon: W 001° 35' 42" Temperature (°C), Rain (mm), Wind Speed (mph) Heat Cool Avg Mean Deg Deg Wind Dom Day Temp High Time Low Time Days Days Rain Speed High Time Dir ---------------------------------------------------------------------------------- 01 7.7 9.9 13:19 5.0 00:04 10.6 0.0 0.0 7.4 31.0 05:05 W 02 10.1 11.3 12:53 8.6 02:53 8.2 0.0 0.0 5.8 32.0 22:13 WSW 03 10.6 13.1 12:36 8.8 18:55 7.7 0.0 0.0 3.6 28.0 02:25 W 04 8.3 10.1 13:18 3.3 23:26 10.0 0.0 0.0 1.9 17.0 20:27 WSW 05 3.2 8.3 14:07 -0.7 22:00 15.1 0.0 0.0 1.3 12.0 06:35 WSW 06 3.7 9.9 14:25 -0.9 08:40 14.6 0.0 0.0 1.1 11.0 00:44 SW 07 5.1 9.2 12:08 0.6 23:53 13.2 0.0 0.0 0.8 13.0 09:29 WSW 08 5.9 8.8 13:25 0.6 00:00 12.4 0.0 0.0 3.3 29.0 19:14 SW 09 6.0 8.5 12:33 2.3 07:03 12.3 0.0 0.0 2.9 19.0 14:14 W 10 8.0 10.8 15:20 4.9 05:20 10.3 0.0 0.0 4.4 26.0 11:19 WSW 11 8.2 11.7 13:47 1.9 23:55 10.1 0.0 0.0 2.1 17.0 00:38 W 12 6.1 8.8 13:41 1.9 00:04 12.2 0.0 0.0 0.3 7.0 12:01 SSW 13 3.9 8.1 15:13 0.9 07:46 14.4 0.0 0.0 1.4 14.0 12:45 SSW 14 3.3 9.1 15:07 -1.1 07:08 15.0 0.0 0.0 1.3 15.0 13:28 SSW 15 5.1 10.1 13:40 1.2 07:58 13.2 0.0 0.0 2.4 16.0 12:45 SW 16 8.1 11.0 14:51 5.6 05:35 10.2 0.0 0.4 2.6 19.0 21:08 SW 17 10.0 13.1 06:36 7.0 23:52 8.3 0.0 1.4 7.6 44.0 08:38 WSW 18 10.1 12.2 11:39 7.0 00:00 8.2 0.0 1.2 4.6 28.0 05:45 W 19 7.3 10.1 23:58 2.8 07:56 11.0 0.0 1.0 3.8 29.0 20:10 WSW 20 11.3 15.2 13:34 9.4 22:18 7.0 0.0 0.0 6.2 31.0 00:07 WSW 21 9.5 12.1 11:09 7.2 21:23 8.8 0.0 0.0 2.5 16.0 11:58 WSW 22 6.6 8.1 00:34 5.1 23:23 11.7 0.0 1.4 1.6 15.0 09:46 WNW 23 5.2 8.2 13:23 1.0 08:02 13.1 0.0 0.6 2.3 22.0 23:50 WNW 24 6.6 8.8 10:33 3.3 22:45 11.7 0.0 0.2 3.0 24.0 01:43 WNW 25 4.0 6.4 14:34 2.6 06:34 14.3 0.0 1.8 1.3 11.0 15:26 NNW 26 4.6 6.8 13:55 2.3 00:30 13.7 0.0 0.8 0.3 7.0 11:56 N 27 5.0 7.4 13:34 3.1 05:31 13.3 0.0 2.8 0.3 8.0 15:12 NNE 28 5.4 7.2 13:01 4.2 04:06 12.9 0.0 3.6 1.1 13.0 14:36 N ---------------------------------------------------------------------------------- 6.7 15.2 20 -1.1 14 323.5 0.0 15.2 2.8 44.0 17 WSW Max >= 27.0 0 Max <= 0.0 0 Min <= 0.0 3 Min <= -18.0 0 Max Rain: 3.6 on day 28 Days of Rain: 11 (>= 0.2 mm) 2 (>= 2.0 mm) 0 (>= 20.0 mm) Heat Base: 18.3 Cool Base: 18.3 Method: Integration |
Page updated
powered by
Cumulus v ()
Valid HTML
Valid CSS