weather
Latitude Longitude Elevation
NOAA Style Reports for Weather
Select a Year or Month report
Report for 2023 Mar Monthly Climatological Summary for Mar 2023 Name: Spring weather City: Duham State: Co Durham Elevation: 102 m Lat: N 54° 47' 06" Lon: W 001° 35' 42" Temperature (°C), Rain (mm), Wind Speed (mph) Heat Cool Avg Mean Deg Deg Wind Dom Day Temp High Time Low Time Days Days Rain Speed High Time Dir ---------------------------------------------------------------------------------- 01 5.4 6.6 14:24 4.6 03:36 12.9 0.0 6.8 1.3 14.0 14:34 N 02 5.2 7.0 12:56 3.8 23:34 13.1 0.0 0.0 0.0 6.0 07:46 N 03 5.0 6.8 12:33 3.6 23:55 13.3 0.0 0.6 0.3 10.0 22:23 NNW 04 4.4 6.8 15:07 3.3 04:11 13.9 0.0 0.0 1.1 10.0 09:47 NW 05 4.0 7.1 13:28 2.5 07:18 14.3 0.0 0.6 0.7 11.0 10:22 WNW 06 3.6 6.8 10:36 0.2 23:53 14.7 0.0 0.8 1.2 18.0 09:43 WNW 07 0.6 5.6 14:44 -3.3 23:59 17.7 0.0 0.0 1.2 12.0 09:20 WNW 08 -1.1 3.7 14:17 -6.4 05:45 19.4 0.0 0.0 0.2 6.0 13:00 W 09 0.6 2.9 12:57 -1.8 00:46 17.6 0.0 0.8 0.8 18.0 19:33 ESE 10 1.5 5.7 16:32 -1.9 22:35 16.8 0.0 7.4 0.7 11.0 11:42 WNW 11 1.7 6.9 12:35 -2.7 03:13 16.6 0.0 0.0 0.6 10.0 19:45 W 12 7.5 12.9 14:02 0.8 00:06 10.7 0.0 2.0 3.4 20.0 14:31 SW 13 8.6 12.3 14:04 2.7 23:22 9.7 0.0 11.0 5.4 36.0 04:56 WSW 14 2.0 6.4 12:35 -1.5 23:58 16.3 0.0 1.2 2.7 23.0 11:24 W 15 1.5 6.9 13:39 -4.4 06:07 16.8 0.0 1.4 1.4 14.0 21:12 SW 16 9.4 12.6 15:34 4.7 00:00 8.9 0.0 0.6 2.4 24.0 11:47 SSW 17 10.3 16.3 14:02 7.2 20:48 8.0 0.0 1.4 1.4 20.0 16:15 SW 18 9.5 14.6 15:05 6.9 23:57 8.8 0.0 2.0 0.8 19.0 23:18 W 19 7.9 12.3 13:28 4.1 06:14 10.4 0.0 0.8 1.8 16.0 01:01 W 20 9.5 12.7 14:18 5.9 00:00 8.8 0.0 2.0 1.0 10.0 11:44 WSW 21 10.7 13.4 12:53 9.0 23:20 7.6 0.0 0.8 3.4 22.0 13:11 SW 22 10.0 12.1 15:00 7.8 07:11 8.3 0.0 0.2 7.2 32.0 12:50 SW 23 8.9 13.5 16:48 6.3 07:00 9.4 0.0 3.6 4.2 30.0 13:29 SW 24 9.4 13.2 14:13 6.7 00:48 8.9 0.0 0.4 5.4 36.0 13:56 SW 25 7.0 9.2 13:07 4.2 22:37 11.3 0.0 1.2 1.6 15.0 08:11 W 26 4.7 8.2 12:55 2.4 23:24 13.0 0.0 0.6 0.7 11.0 19:40 N 27 3.4 10.6 16:56 -0.9 05:36 14.9 0.0 0.0 0.9 8.0 09:19 N 28 4.9 8.3 18:10 1.2 02:19 13.4 0.0 2.4 1.9 19.0 17:49 SW 29 10.4 14.1 15:19 7.7 00:00 7.9 0.0 1.8 1.2 16.0 15:19 SSW 30 11.3 15.8 13:45 8.8 22:52 7.0 0.0 4.8 1.9 17.0 13:02 WSW 31 8.1 10.0 12:23 5.8 23:50 10.2 0.0 1.6 0.8 11.0 13:01 ESE ---------------------------------------------------------------------------------- 6.0 16.3 17 -6.4 8 380.6 0.0 56.8 1.9 36.0 13 WSW Max >= 27.0 0 Max <= 0.0 0 Min <= 0.0 8 Min <= -18.0 0 Max Rain: 11.0 on day 13 Days of Rain: 25 (>= 0.2 mm) 9 (>= 2.0 mm) 0 (>= 20.0 mm) Heat Base: 18.3 Cool Base: 18.3 Method: Integration |
Page updated
powered by
Cumulus v ()
Valid HTML
Valid CSS